{"id":239263,"date":"2025-03-08T15:25:57","date_gmt":"2025-03-08T15:25:57","guid":{"rendered":"https:\/\/linkxa.es\/contratacion\/producto\/router-inalambrico-tp-link-archer-mr500-ac1200\/"},"modified":"2025-12-08T12:44:15","modified_gmt":"2025-12-08T12:44:15","slug":"router-inalambrico-tp-link-archer-mr500-ac1200","status":"publish","type":"product","link":"https:\/\/linkxa.es\/linkshop\/producto\/router-inalambrico-tp-link-archer-mr500-ac1200\/","title":{"rendered":"Router inalambrico tp &#8211; link archer mr500 ac1200"},"content":{"rendered":"<div style=\"text-align: center; margin-bottom: 20px;\">\n<h2 style=\"font-size: 22px; font-weight: 600; margin: 0; color: #333;\">Tp &#8211; link\u00a0|\u00a0 Routers<\/h2>\n<p><strong>Router inalambrico tp &#8211; link archer mr500 ac1200 dual band 4g + cat6<\/strong><\/p>\n<\/div>\n<p style=\"max-width: 700px; margin: 0px auto 30px; font-size: 18px; line-height: 1.6; color: #555555; font-style: italic; text-align: left;\">Archer MR500<br \/>Enrutador Gigabit de doble banda inal\u00e1mbrico 4G+ Cat6 AC1200<\/p>\n<p>Enrutador 4G+ avanzado: admite 4G+ Cat6 para aumentar las velocidades de datos<br \/>hasta 300 Mbps*<br \/>Conecte una tarjeta SIM y listo: no se necesitan configuraciones, la compatibilidad<br \/>de las tarjetas SIM en m\u00e1s de 100 pa\u00edses est\u00e1 asegurada por a\u00f1os de pruebas de<br \/>campo<br \/>Compatibilidad con MU-MIMO: los flujos de datos simult\u00e1neos aumentan el<br \/>rendimiento de WiFi y la eficiencia de la red.<br \/>Compatible con TP-Link OneMesh TM: colabora con los productos TP-Link<br \/>OneMesh para crear una red Mesh flexible y rentable<br \/>Mejor se\u00f1al para conexiones en todas partes: disfrute de conexiones estables y<br \/>eficientes con todos los dispositivos gracias a las dos antenas LTE externas<br \/>desmontables<br \/>Puertos Gigabit completos: proporciona conexiones por cable confiables para<br \/>dispositivos que requieren un uso intensivo del ancho de banda, como consolas de<br \/>juegos e IPTV<br \/>Modo de enrutador Wi-Fi: conecte un cable Ethernet al puerto LAN\/WAN para un<br \/>acceso flexible como opci\u00f3n de respaldo si no puede obtener una conexi\u00f3n 4G<br \/>F\u00e1cil configuraci\u00f3n y administraci\u00f3n, todo por la aplicaci\u00f3n Tether<\/p>\n<p>CARACTER\u00cdSTICAS DE HARDWARE<br \/>Interfaz 1 puerto LAN\/WAN de 10\/100\/1000 Mbps<br \/>3 puertos LAN de 10\/100\/1000 Mbps<br \/>1 Ranura para tarjeta Nano SIM<br \/>Dimensiones 202 141 33.6 mm (7.95 5.55 1.32 in)<br \/>Antenas 2 antenas LTE externas desmontables<br \/>CARACTER\u00cdSTICAS INAL\u00c1MBRICAS<br \/>Est\u00e1ndares Inal\u00e1mbricos IEEE 802.11a\/n\/ac 5 GHz, IEEE 802.11b\/g\/n 2.4 GHz<br \/>Frecuencia 2.4 GHz y 5 GHz<br \/>Tasa de Se\u00f1al 300 Mbps a 2,4 GHz, 867 Mbps a 5 GHz<br \/>Sensibilidad de Recepci\u00f3n 5 GHz: 11a 54M: -77 dBm<br \/>11ac HT20: -73 dBm<br \/>11ac HT40: -68 dBm<br \/>11ac HT80 : -64 dBm<br \/>11n HT20: -77 dBm<br \/>11n HT40: -73 dBm<br \/>2.4 GHz: 11g 54M: -74 dBm<br \/>11n HT20: -72 dBm<br \/>11n HT40: -69 dBm<br \/>Potencia de Transmisi\u00f3n &#038;lt, 20 dBm (2.4 GHz), &#038;lt, 23 dBm (5 GHz)<br \/>Funciones Inal\u00e1mbricas Activar\/desactivar radio inal\u00e1mbrica, programaci\u00f3n<br \/>inal\u00e1mbrica, WMM, estad\u00edsticas inal\u00e1mbricas<br \/>Respaldo WAN S\u00ed<br \/>Seguridad Inal\u00e1mbrica WEP de 64\/128 bits, WPA\/WPA2 personal, WPA\/WPA2<br \/>empresarial<br \/>Tipo de Red Compatible con la mayor\u00eda de operadores m\u00f3viles y soporta<br \/>4G\/3G:<br \/>FDD-LTE: B1\/B3\/B5\/B7\/B8\/B20\/B28<br \/>(2100\/1800\/850\/2600\/900\/800\/700 MHz)<br \/>TDD-LTE: B38\/B40\/B41<br \/>(2600\/2300\/2500 MHz)<br \/>CC-HSPA+\/HSPA\/UMTS: B1\/B3\/B5\/B8<br \/>(2100\/850\/900 MHz)<br \/>CARACTER\u00cdSTICAS DE SOFTWARE<br \/>Calidad de Servicio Prioriza el tr\u00e1fico de red por dispositivo<br \/>Seguridad DoS, cortafuegos IPv4 SPI, cortafuegos IPv6, enlace de<br \/>direcciones IP y MAC, control de acceso, filtrado de servicios<br \/>Tipo de WAN IP din\u00e1mica\/IP est\u00e1tica\/PPPoE\/PPTP (acceso dual)\/L2TP (acceso<br \/>dual)<br \/>Gesti\u00f3n TP-Link Cloud, Gesti\u00f3n Local, Gesti\u00f3n Remota<br \/>DHCP Servidor, lista de clientes DHCP, reserva de direcciones<br \/>Reenv\u00edo de Puertos ALG, servidor virtual, activaci\u00f3n de puertos, UPnP, DMZ<br \/>DNS Din\u00e1mico TP-Link, DynDns, NO-IP<br \/>VPN Servidor VPN: PPTP VPN, OpenVPN<br \/>Control Parental Filtrado de URL, controles de tiempo<br \/>Protocolos IPv4, IPv6<br \/>Red de Invitados 1 red para invitados de 2,4 GHz, 1 red para invitados de 5 GHz<br \/>Otros<br \/>Certificaciones CE, RoHS<br \/>Contenido del Paquete 4G+ Cat6 300 Mbps LTE AC1200 Router inal\u00e1mbrico<br \/>Gigabit de doble banda Archer MR500<br \/>Adaptador de corriente<br \/>cable ethernet rj45<br \/>Gu\u00eda de Instalaci\u00f3n R\u00e1pida<br \/>Factores Ambientales Temperatura de funcionamiento: 0 ~ 40 (32 ~<br \/>104 )<br \/>Humedad de funcionamiento: 10 %~90 % sin condensaci\u00f3n<br \/>Humedad de almacenamiento: 5 %~90 % sin condensaci\u00f3n<\/p>\n","protected":false},"excerpt":{"rendered":"<p>Router inalambrico tp &#8211; link archer mr500 ac1200 dual band 4g + cat6<\/p>\n","protected":false},"featured_media":239264,"comment_status":"open","ping_status":"open","template":"","meta":{"_et_pb_use_builder":"","_et_pb_old_content":"","_et_gb_content_width":""},"product_brand":[3946],"product_cat":[2058,3261,3311,3965],"product_tag":[3264,3314,3948],"class_list":{"0":"post-239263","1":"product","2":"type-product","3":"status-publish","4":"has-post-thumbnail","6":"product_brand-tp-link","7":"product_cat-dispositivos","8":"product_cat-redes","9":"product_cat-routers","10":"product_cat-tp-link-routers","11":"product_tag-redes","12":"product_tag-routers","13":"product_tag-tp-link","14":"product_shipping_class-2059","15":"pa_canon-digital-impuesto-incluido-de-0-e","16":"pa_categoria-redes","17":"pa_marca-tp-link","18":"pa_peso-4150","19":"pa_referencia-mgs0000012545","21":"first","22":"instock","23":"sale","24":"taxable","25":"shipping-taxable","26":"purchasable","27":"product-type-simple"},"_links":{"self":[{"href":"https:\/\/linkxa.es\/linkshop\/wp-json\/wp\/v2\/product\/239263","targetHints":{"allow":["GET"]}}],"collection":[{"href":"https:\/\/linkxa.es\/linkshop\/wp-json\/wp\/v2\/product"}],"about":[{"href":"https:\/\/linkxa.es\/linkshop\/wp-json\/wp\/v2\/types\/product"}],"replies":[{"embeddable":true,"href":"https:\/\/linkxa.es\/linkshop\/wp-json\/wp\/v2\/comments?post=239263"}],"wp:featuredmedia":[{"embeddable":true,"href":"https:\/\/linkxa.es\/linkshop\/wp-json\/wp\/v2\/media\/239264"}],"wp:attachment":[{"href":"https:\/\/linkxa.es\/linkshop\/wp-json\/wp\/v2\/media?parent=239263"}],"wp:term":[{"taxonomy":"product_brand","embeddable":true,"href":"https:\/\/linkxa.es\/linkshop\/wp-json\/wp\/v2\/product_brand?post=239263"},{"taxonomy":"product_cat","embeddable":true,"href":"https:\/\/linkxa.es\/linkshop\/wp-json\/wp\/v2\/product_cat?post=239263"},{"taxonomy":"product_tag","embeddable":true,"href":"https:\/\/linkxa.es\/linkshop\/wp-json\/wp\/v2\/product_tag?post=239263"}],"curies":[{"name":"wp","href":"https:\/\/api.w.org\/{rel}","templated":true}]}}