{"id":239279,"date":"2025-06-13T03:24:28","date_gmt":"2025-06-13T03:24:28","guid":{"rendered":"https:\/\/linkxa.es\/contratacion\/producto\/tarjeta-pci-express-wifi-6-tp-link\/"},"modified":"2025-12-08T12:46:18","modified_gmt":"2025-12-08T12:46:18","slug":"tarjeta-pci-express-wifi-6-tp-link","status":"publish","type":"product","link":"https:\/\/linkxa.es\/linkshop\/producto\/tarjeta-pci-express-wifi-6-tp-link\/","title":{"rendered":"Tarjeta pci express wifi 6 tp &#8211; link"},"content":{"rendered":"<div style=\"text-align: center; margin-bottom: 20px;\">\n<h2 style=\"font-size: 22px; font-weight: 600; margin: 0; color: #333;\">Tp &#8211; link\u00a0|\u00a0 Tarjetas de red wifi<\/h2>\n<p><strong>Tarjeta pci express wifi 6 tp &#8211; link archer tx3000e dual band bluetooth 5.0<\/strong><\/p>\n<\/div>\n<p style=\"max-width: 700px; margin: 0px auto 30px; font-size: 18px; line-height: 1.6; color: #555555; font-style: italic; text-align: left;\">Archer TX3000E<br \/>Adaptador PCIe AX3000 Wi-Fi 6 Bluetooth 5.0<\/p>\n<p>Velocidad de Wi-Fi 6 inigualable: rompe la barrera gigabit con una velocidad<br \/>de hasta 2402 Mbps (5 GHz) + 574 Mbps (2.4 GHz)<br \/>Experiencia m\u00e1s fluida: una latencia 75% menor garantiza juegos en tiempo<br \/>real Conexiones fiables: el chipset Intel Wi-Fi 6 brinda Wi-Fi m\u00e1s r\u00e1pido y<br \/>m\u00e1s claro para desbloquear completamente el potencial de tu router Wi-Fi 6<br \/>Cobertura de se\u00f1al m\u00e1s amplia: sus dos antenas multidireccionales con<br \/>base magnetizada est\u00e1n dise\u00f1adas para una recepci\u00f3n de se\u00f1al \u00f3ptima<br \/>Bluetooth 5.0: la \u00faltima tecnolog\u00eda Bluetooth logra una velocidad 2 veces<br \/>m\u00e1s r\u00e1pida y una cobertura 4 veces m\u00e1s amplia que BT 4.2<br \/>Seguridad mejorada: las \u00faltimas mejoras de seguridad WPA3 proporcionan<br \/>protecci\u00f3n mejorada en seguridad de contrase\u00f1a personal<br \/>Fabricaci\u00f3n exquisita: el disipador t\u00e9rmico y el revestimiento especializado<br \/>est\u00e1n dise\u00f1ados para mejorar la estabilidad y la fiabilidad incluso en entornos<br \/>c\u00e1lidos Compatibilidad con versiones anteriores: compatibilidad total con<br \/>los est\u00e1ndares 802.11ac \/ a \/ b \/ g \/ n<br \/>CARACTER\u00cdSTICAS DE HARDWARE<br \/>Dimensiones 3.7 x 4.8 x 0.8 in<br \/>(95.2 x 120.8 x 21.5 mm)<br \/>Tipo de Antena Dos antenas de banda dual de alta ganancia<br \/>Base de antena magnetizada<br \/>Chipset Intel Wi-Fi 6 Chipset<br \/>CARACTER\u00cdSTICAS INAL\u00c1MBRICAS<br \/>Est\u00e1ndares Inal\u00e1mbricos IEEE 802.11ax\/ac\/n\/a 5 GHz<br \/>IEEE 802.11ax\/n\/g\/b 2.4 GHz<br \/>Bluetooth 5.0\/4.2\/4.0<br \/>Tasa de se\u00f1al WLAN 5 GHz<br \/>11ax: hasta 2402 Mbps (din\u00e1mico)<br \/>11ac: hasta 1733 Mbps (din\u00e1mico)<br \/>11n: hasta 300 Mbps (din\u00e1mico)<br \/>11a: hasta 54 Mbps (din\u00e1mico)<\/p>\n<p>2,4 GHz<br \/>11ax: hasta 574 Mbps (din\u00e1mico)<br \/>11n: hasta 300 Mbps (din\u00e1mico)<br \/>11g: hasta 54 Mbps (din\u00e1mico)<br \/>11b: hasta 11 Mbps (din\u00e1mico)<br \/>Sensibilidad de recepci\u00f3n WLAN 5 GHz :<br \/>11ax HT160-56.25dBm<br \/>11ax HT80: -59dBm<br \/>11ax HT40: -62.25dBm<br \/>11ax HT20: -65dBm<\/p>\n<p>11ac HT160-62dBm<br \/>11ac HT80: -65.5dBm<br \/>11ac HT40: -69.75dBm<br \/>11ac HT20: -73.75dBm<br \/>11n HT40: -74.5dBm<br \/>11n HT20: -77.5dBm<br \/>11a 54Mbps: -77.75dBm<br \/>11a 6Mbps: -94.5dBm<\/p>\n<p>2.4GHz :<br \/>11ax HT40: -60.75dBm<br \/>11ax HT20: -63.75dBm<br \/>11n HT40: -73dBm<br \/>11n HT20: -76.25dBm<br \/>11g 54Mbps: -76.5dBm<br \/>11b 11Mbps: -89dBm<br \/>Potencia de transmisi\u00f3n WLAN 5 GHz : 27dBm(FCC) \/ 23dBm(CE) (EIRP)<br \/>2.4 GHz : 26dBm(FCC) \/ 20dBm(CE) (EIRP)<br \/>Modos WLAN Modo de infraestructura<br \/>Seguridad Inal\u00e1mbrica Temperatura de funcionamiento: 0 ~ 40 (32 ~<br \/>104 )<br \/>Temperatura de almacenamiento: -40 ~ 70 (-40 ~ 158 )<br \/>Humedad de funcionamiento: 10% ~ 90% sin condensaci\u00f3n<br \/>Humedad de almacenamiento: 5% ~ 90% sin condensaci\u00f3n<br \/>Tecnolog\u00eda de Modulaci\u00f3n DBPSK, DQPSK, CCK, OFDM, 16-QAM, 64-QAM, 256-<br \/>QAM, 1024QAM<br \/>Perfiles de Bluetooth Archer TX3000E admite los perfiles BT nativos<br \/>implementados en Windows 10 y Windows 11.<br \/>Para obtener la informaci\u00f3n m\u00e1s reciente sobre los perfiles de Windows 10<br \/>BT, consulte<br \/>https:\/\/support.microsoft.com\/en-us\/help\/10568\/windows-10-supported-<br \/>bluetooth-profiles Otros<br \/>Certificaciones CE, FCC, RoHS<br \/>Contenido del Paquete Archer TX3000E<br \/>Base de antena magnetizada con cable RF de 1 m<br \/>Dos antenas de alta ganancia de 5 dBi<br \/>Soporte de bajo perfil<br \/>Cable de encabezado Bluetooth<br \/>Gu\u00eda de Instalaci\u00f3n R\u00e1pida<br \/>CD de recursos<br \/>Requisitos del sistema Compatible con Windows 10(64-bit) y Windows 11<br \/>Factores Ambientales Temperatura de funcionamiento: 0 ~ 40 (32 ~<br \/>104 )<br \/>Temperatura de almacenamiento: -40 ~ 70 (-40 ~ 158 )<br \/>Humedad de funcionamiento: 10% ~ 90% sin condensaci\u00f3n<br \/>Humedad de almacenamiento: 5% ~ 90% sin condensaci\u00f3n<\/p>\n","protected":false},"excerpt":{"rendered":"<p>Tarjeta pci express wifi 6 tp &#8211; link archer tx3000e dual band bluetooth 5.0<\/p>\n","protected":false},"featured_media":239280,"comment_status":"open","ping_status":"open","template":"","meta":{"_et_pb_use_builder":"","_et_pb_old_content":"","_et_gb_content_width":""},"product_brand":[3946],"product_cat":[2058,3261,4016,4017],"product_tag":[3264,4018,3948],"class_list":{"0":"post-239279","1":"product","2":"type-product","3":"status-publish","4":"has-post-thumbnail","6":"product_brand-tp-link","7":"product_cat-dispositivos","8":"product_cat-redes","9":"product_cat-tarjetas-de-red-wifi","10":"product_cat-tp-link-tarjetas-de-red-wifi","11":"product_tag-redes","12":"product_tag-tarjetas-de-red-wifi","13":"product_tag-tp-link","14":"product_shipping_class-2088","15":"pa_canon-digital-impuesto-incluido-de-0-e","16":"pa_categoria-redes","17":"pa_marca-tp-link","18":"pa_peso-4157","19":"pa_referencia-mgs0000012562","21":"first","22":"instock","23":"sale","24":"taxable","25":"shipping-taxable","26":"purchasable","27":"product-type-simple"},"_links":{"self":[{"href":"https:\/\/linkxa.es\/linkshop\/wp-json\/wp\/v2\/product\/239279","targetHints":{"allow":["GET"]}}],"collection":[{"href":"https:\/\/linkxa.es\/linkshop\/wp-json\/wp\/v2\/product"}],"about":[{"href":"https:\/\/linkxa.es\/linkshop\/wp-json\/wp\/v2\/types\/product"}],"replies":[{"embeddable":true,"href":"https:\/\/linkxa.es\/linkshop\/wp-json\/wp\/v2\/comments?post=239279"}],"wp:featuredmedia":[{"embeddable":true,"href":"https:\/\/linkxa.es\/linkshop\/wp-json\/wp\/v2\/media\/239280"}],"wp:attachment":[{"href":"https:\/\/linkxa.es\/linkshop\/wp-json\/wp\/v2\/media?parent=239279"}],"wp:term":[{"taxonomy":"product_brand","embeddable":true,"href":"https:\/\/linkxa.es\/linkshop\/wp-json\/wp\/v2\/product_brand?post=239279"},{"taxonomy":"product_cat","embeddable":true,"href":"https:\/\/linkxa.es\/linkshop\/wp-json\/wp\/v2\/product_cat?post=239279"},{"taxonomy":"product_tag","embeddable":true,"href":"https:\/\/linkxa.es\/linkshop\/wp-json\/wp\/v2\/product_tag?post=239279"}],"curies":[{"name":"wp","href":"https:\/\/api.w.org\/{rel}","templated":true}]}}