{"id":239317,"date":"2025-01-09T06:23:34","date_gmt":"2025-01-09T06:23:34","guid":{"rendered":"https:\/\/linkxa.es\/contratacion\/producto\/punto-acceso-inalambrico-pared-tp-link-eap230-wall\/"},"modified":"2025-12-08T12:49:57","modified_gmt":"2025-12-08T12:49:57","slug":"punto-acceso-inalambrico-pared-tp-link-eap230-wall","status":"publish","type":"product","link":"https:\/\/linkxa.es\/linkshop\/producto\/punto-acceso-inalambrico-pared-tp-link-eap230-wall\/","title":{"rendered":"Punto acceso inalambrico pared tp &#8211; link eap230 &#8211; wall"},"content":{"rendered":"<div style=\"text-align: center; margin-bottom: 20px;\">\n<h2 style=\"font-size: 22px; font-weight: 600; margin: 0; color: #333;\">Tp &#8211; link\u00a0|\u00a0 Puntos de acceso<\/h2>\n<p><strong>Punto de acceso inalambrico de pared tp &#8211; link eap230 &#8211; wall wifi mu &#8211; mimo omada ac1200<\/strong><\/p>\n<\/div>\n<p style=\"max-width: 700px; margin: 0px auto 30px; font-size: 18px; line-height: 1.6; color: #555555; font-style: italic; text-align: left;\">EAP230-Wall<br \/>Punto de acceso inal\u00e1mbrico de pared Gigabit inal\u00e1mbrico MU-MIMO Omada AC1200<\/p>\n<p>Wi-Fi r\u00e1pido de doble banda: 300 Mbps simult\u00e1neos en 2.4 GHz y 867 Mbps en 5<br \/>GHz suman 1.167 Mbps de velocidad de Wi-Fi con MU-MIMO.<br \/>Puertos Gigabit: 2 puertos Gigabit Ethernet para puentear (1 enlace ascendente<br \/>+ 1 enlace descendente).<br \/>Integrado en Omada SDN: Zero-Touch Provisioning (ZTP) , Administraci\u00f3n<br \/>centralizada de la nube y monitorizaci\u00f3n inteligente.<br \/>Administraci\u00f3n centralizada: acceso a la nube y aplicaci\u00f3n Omada para una<br \/>comodidad y administraci\u00f3n f\u00e1ciles.<br \/>Conexi\u00f3n privada para cada habitaci\u00f3n: dise\u00f1ada para satisfacer todas las<br \/>necesidades de la red en entornos con numerosas habitaciones separadas, como<br \/>hoteles, oficinas y dormitorios.<br \/>Apariencia elegante: dise\u00f1o delgado sin precedentes con solo 11 mm, el mismo<br \/>tama\u00f1o y forma que un interruptor de luz o placa frontal de salida de corriente para<br \/>adaptarse perfectamente a cualquier habitaci\u00f3n.<br \/>Instalaci\u00f3n f\u00e1cil y soporte PoE: construcci\u00f3n de montaje f\u00e1cil, compatible con la<br \/>caja de conexiones est\u00e1ndar de la UE de 86 mm, y soporte 802.3af \/ at PoE.<br \/>Red de invitados segura: junto con m\u00faltiples opciones de autenticaci\u00f3n (SMS \/<br \/>Facebook Wi-Fi \/ Voucher, etc.) y abundantes tecnolog\u00edas de seguridad inal\u00e1mbrica<br \/>CARACTER\u00cdSTICAS DE HARDWARE<br \/>Interfaz Enlace ascendente: 1 10\/100\/1000 Mbps Puerto Ethernet<br \/>Enlace descendente: puerto Ethernet 1 10\/100\/1000 Mbps<br \/>Bloqueo de Seguridad F\u00edsico No<br \/>Botones LED\/Wi-Fi Button, RESET<br \/>Fuente de Alimentaci\u00f3n 802.3af\/802.3at PoE<br \/>Consumo de Potencia 7 W<br \/>Dimensiones 3.4 3.4 1.2 in (86.8 86.8 30.2 mm)<br \/>Antenas 2 Antenas Banda Dual<br \/>2.4 GHz: 2 4 dBi<br \/>5 GHz: 2 3.6 dBi<br \/>Montaje Montaje en placa de pared<br \/>Hardware Watch Dog S\u00ed<br \/>CARACTER\u00cdSTICAS INAL\u00c1MBRICAS<br \/>Est\u00e1ndares Inal\u00e1mbricos IEEE 802.11n\/g\/b\/ac<br \/>Frecuencia 2.4 GHz y 5 GHz<br \/>Tasa de Se\u00f1al 5 GHz: Hasta 867 Mbps<br \/>2.4 GHz: Hasta 300 Mbps<br \/>Funciones Inal\u00e1mbricas 16 SSID (hasta 8 SSID en cada banda)<br \/>Activar \/ Desactivar radio inal\u00e1mbrica<br \/>Asignaci\u00f3n autom\u00e1tica de canales<br \/>Control de potencia de transmisi\u00f3n (ajuste la potencia de transmisi\u00f3n en dBm)<br \/>QoS (WMM)<br \/>Equilibrio de carga<br \/>L\u00edmite de tarifa<br \/>Programa de reinicio<br \/>Horario inal\u00e1mbrico<br \/>Estad\u00edsticas inal\u00e1mbricas basadas en SSID \/ AP \/ Cliente<br \/>MU-MIMO<br \/>Direcci\u00f3n de banda<br \/>Beamforming<br \/>Seguridad Inal\u00e1mbrica Autenticaci\u00f3n de portal cautivo<br \/>Control de acceso<br \/>Filtrado de Direcciones MAC Inal\u00e1mbricas<br \/>Aislamiento inal\u00e1mbrico entre clientes<br \/>Asignaci\u00f3n de SSID a VLAN<br \/>Puerto LAN local basado en VLAN<br \/>Detecci\u00f3n Rogue AP<br \/>Soporte 802.1X<br \/>64\/128\/152-bit WEP \/ WPA \/ WPA2-Enterprise, WPA-PSK \/ WPA2-PSK<br \/>Potencia de Transmisi\u00f3n CE:<br \/>20 dBm (2.4 GHz, EIRP)<br \/>23 dBm (5 GHz, EIRP)<br \/>GESTI\u00d3N<br \/>Omada App S\u00ed<br \/>Gesti\u00f3n Centralizada Omada Cloud-Based Controller<br \/>Omada Hardware Controller (OC300)<br \/>Omada Hardware Controller (OC200)<br \/>Omada Software Controller<br \/>Acceso a la nube S\u00ed (a trav\u00e9s de OC300, OC200, Omada Cloud-Based Controller o<br \/>Omada Software Controller)<br \/>Alertas por Correo Electr\u00f3nico S\u00ed<br \/>LED de control ON \/ OFF S\u00ed<br \/>Control de Gesti\u00f3n de Acceso MAC S\u00ed<br \/>SNMP v1,v2c<br \/>Acceso al Registro de Sistema Local\/ Registro del Sistema Remoto Local\/Remote<br \/>Syslog<br \/>SSH S\u00ed<br \/>Gesti\u00f3n basada en Web HTTP\/HTTPS<br \/>Gesti\u00f3n L3 S\u00ed<br \/>Gesti\u00f3n Multi-sitio S\u00ed<br \/>VLAN de Gesti\u00f3n S\u00ed<br \/>Aprovisionamiento sin contacto S\u00ed. Requiere el uso del controlador basado en<br \/>la nube de Omada.<br \/>Otros<br \/>Certificaciones CE, RoHS<br \/>Contenido del Paquete Punto de acceso inal\u00e1mbrico de placa de pared<br \/>Gigabit inal\u00e1mbrico MU-MIMO Omada AC1200 EAP230-Wall<br \/>Gu\u00eda de instalaci\u00f3n<br \/>Tornillo de fijaci\u00f3n<br \/>Requisitos del sistema Microsoft Windows XP, Vista, Windows 7, Windows 8,<br \/>Windows10 , MAC (navegador web)<br \/>Factores Ambientales Temperatura de Funcionamiento: 0~40<br \/>(32~104)<br \/>Temperatura de Almacenamiento: -40~70 (-40~158)<br \/>Humedad de Funcionamiento: 10%~90% sin condensaci\u00f3n<br \/>Humedad de Almacenamiento: 5%~90% sin condensaci\u00f3n<\/p>\n","protected":false},"excerpt":{"rendered":"<p>Punto de acceso inalambrico de pared tp &#8211; link eap230 &#8211; wall wifi mu &#8211; mimo omada ac1200<\/p>\n","protected":false},"featured_media":239318,"comment_status":"open","ping_status":"open","template":"","meta":{"_et_pb_use_builder":"","_et_pb_old_content":"","_et_gb_content_width":""},"product_brand":[3946],"product_cat":[2058,3299,3261,4005],"product_tag":[3302,3264,3948],"class_list":{"0":"post-239317","1":"product","2":"type-product","3":"status-publish","4":"has-post-thumbnail","6":"product_brand-tp-link","7":"product_cat-dispositivos","8":"product_cat-puntos-de-acceso","9":"product_cat-redes","10":"product_cat-tp-link-puntos-de-acceso","11":"product_tag-puntos-de-acceso","12":"product_tag-redes","13":"product_tag-tp-link","14":"product_shipping_class-2088","15":"pa_canon-digital-impuesto-incluido-de-0-e","16":"pa_categoria-redes","17":"pa_marca-tp-link","18":"pa_peso-4173","19":"pa_referencia-mgs0000012583","21":"first","22":"instock","23":"sale","24":"taxable","25":"shipping-taxable","26":"purchasable","27":"product-type-simple"},"_links":{"self":[{"href":"https:\/\/linkxa.es\/linkshop\/wp-json\/wp\/v2\/product\/239317","targetHints":{"allow":["GET"]}}],"collection":[{"href":"https:\/\/linkxa.es\/linkshop\/wp-json\/wp\/v2\/product"}],"about":[{"href":"https:\/\/linkxa.es\/linkshop\/wp-json\/wp\/v2\/types\/product"}],"replies":[{"embeddable":true,"href":"https:\/\/linkxa.es\/linkshop\/wp-json\/wp\/v2\/comments?post=239317"}],"wp:featuredmedia":[{"embeddable":true,"href":"https:\/\/linkxa.es\/linkshop\/wp-json\/wp\/v2\/media\/239318"}],"wp:attachment":[{"href":"https:\/\/linkxa.es\/linkshop\/wp-json\/wp\/v2\/media?parent=239317"}],"wp:term":[{"taxonomy":"product_brand","embeddable":true,"href":"https:\/\/linkxa.es\/linkshop\/wp-json\/wp\/v2\/product_brand?post=239317"},{"taxonomy":"product_cat","embeddable":true,"href":"https:\/\/linkxa.es\/linkshop\/wp-json\/wp\/v2\/product_cat?post=239317"},{"taxonomy":"product_tag","embeddable":true,"href":"https:\/\/linkxa.es\/linkshop\/wp-json\/wp\/v2\/product_tag?post=239317"}],"curies":[{"name":"wp","href":"https:\/\/api.w.org\/{rel}","templated":true}]}}