{"id":239320,"date":"2025-02-18T00:56:26","date_gmt":"2025-02-18T00:56:26","guid":{"rendered":"https:\/\/linkxa.es\/contratacion\/producto\/punto-acceso-inalambrico-pared-tp-link-eap115-wall\/"},"modified":"2025-12-08T12:50:24","modified_gmt":"2025-12-08T12:50:24","slug":"punto-acceso-inalambrico-pared-tp-link-eap115-wall","status":"publish","type":"product","link":"https:\/\/linkxa.es\/linkshop\/producto\/punto-acceso-inalambrico-pared-tp-link-eap115-wall\/","title":{"rendered":"Punto acceso inalambrico pared tp &#8211; link eap115 &#8211; wall"},"content":{"rendered":"<div style=\"text-align: center; margin-bottom: 20px;\">\n<h2 style=\"font-size: 22px; font-weight: 600; margin: 0; color: #333;\">Tp &#8211; link\u00a0|\u00a0 Puntos de acceso<\/h2>\n<p><strong>Punto de acceso inalambrico de pared tp &#8211; link  eap115 &#8211; wall n 300mbps<\/strong><\/p>\n<\/div>\n<p style=\"max-width: 700px; margin: 0px auto 30px; font-size: 18px; line-height: 1.6; color: #555555; font-style: italic; text-align: left;\">EAP115-Wall<br \/>Punto de Acceso Inal\u00e1mbrico N 300Mbps de Pared<\/p>\n<p>Integrado en Omada SDN : Gesti\u00f3n centralizada en la nube y Monitoreo inteligente.<br \/>Administraci\u00f3n centralizada : acceso a la nube y aplicaci\u00f3n Omada para una<br \/>administraci\u00f3n ultra conveniente y f\u00e1cil.<br \/>Apariencia elegante : dise\u00f1o delgado sin precedentes con solo 11 mm, el mismo<br \/>tama\u00f1o y forma que un interruptor de luz o una placa frontal de toma de corriente<br \/>para adaptarse perfectamente a cualquier habitaci\u00f3n.<br \/>F\u00e1cil instalaci\u00f3n y compatibilidad con PoE : construcci\u00f3n de f\u00e1cil montaje,<br \/>compatible con cajas de conexiones est\u00e1ndar de la UE y de 86 mm, y compatibilidad<br \/>con PoE 802.3af.<br \/>Red de invitados segura : junto con m\u00faltiples opciones de autenticaci\u00f3n<br \/>(SMS\/Facebook Wi-Fi\/vale, etc.) y abundantes tecnolog\u00edas de seguridad inal\u00e1mbrica.<br \/>\u00a7<br \/>CARACTER\u00cdSTICAS DE HARDWARE<br \/>Interfaz 2 Puertos 10\/100Mbps Ethernet (RJ-45)<br \/>Bloqueo de Seguridad F\u00edsico No<br \/>Botones Bot\u00f3n LED\/Wi-Fi, RESET<br \/>Fuente de Alimentaci\u00f3n PoE(IEEE 802.3af)<br \/>Consumo de Potencia 2.8 W<br \/>Dimensiones 86.8*86.8*30.2 mm (3.4\u00d73.4\u00d71.2 in)<br \/>Tipo de Antena 2 Antenas Internas Omnidireccionales de 1.8dBi<br \/>Montaje Montaje de la placa de pared<br \/>Hardware Watch Dog S\u00ed<br \/>CARACTER\u00cdSTICAS INAL\u00c1MBRICAS<br \/>Est\u00e1ndares Inal\u00e1mbricos IEEE 802.11n\/g\/b<br \/>Frecuencia 2.4GHz<br \/>Tasa de Se\u00f1al 11n: Hasta 300Mbps(din\u00e1mico)<br \/>11g: Hasta 54Mbps(din\u00e1mico)<br \/>11b: Hasta 11Mbps(din\u00e1mico)<br \/>Potencia de Transmisi\u00f3n CE<br \/>&#038;lt,20dBm(2.4GHz)<br \/>Funciones Inal\u00e1mbricas M\u00faltiples SSID (hasta 8 SSID)<br \/>Activar\/desactivar radio inal\u00e1mbrica<br \/>Asignaci\u00f3n autom\u00e1tica de canales<br \/>Control de potencia de transmisi\u00f3n (Ajuste la potencia de transmisi\u00f3n en dBm)<br \/>QoS (WMM)<br \/>Equilibrio de carga<br \/>L\u00edmite de Trafico<br \/>Programaci\u00f3n del reinicio<br \/>Programaci\u00f3n inal\u00e1mbrica<br \/>Estad\u00edsticas inal\u00e1mbricas basadas en SSID\/AP\/Cliente<br \/>Seguridad Inal\u00e1mbrica Autenticaci\u00f3n de portal cautivo<br \/>Control de acceso<br \/>Filtrado de Direcciones MAC Inal\u00e1mbricas<br \/>Aislamiento inal\u00e1mbrico entre clientes<br \/>Asignaci\u00f3n de SSID a VLAN<br \/>VLAN basada en puerto LAN local<br \/>Detecci\u00f3n de puntos de acceso no autorizados<br \/>Compatibilidad con 802.1X<br \/>64\/128\/152 bits WEP\/WPA\/WPA2-Empresa, WPA-PSK\/WPA2-PSK<\/p>\n<p>GESTI\u00d3N<br \/>Omada App S\u00ed<br \/>Gesti\u00f3n Centralizada Controlador de hardware Omada (OC300)<br \/>Controlador de hardware Omada (OC200)<br \/>Controlador de software Omada<br \/>Acceso a la nube S\u00ed (a trav\u00e9s del controlador de software OC300, OC200 o Omada)<br \/>Alertas por Correo Electr\u00f3nico S\u00ed<br \/>LED de control ON \/ OFF S\u00ed<br \/>Control de Gesti\u00f3n de Acceso MAC S\u00ed<br \/>SNMP v1,v2c<br \/>Acceso al Registro de Sistema Local\/ Registro del Sistema Remoto Local\/Remoto<br \/>Syslog<br \/>SSH S\u00ed<br \/>Gesti\u00f3n basada en Web HTTP\/HTTPS<br \/>Gesti\u00f3n L3 S\u00ed<br \/>Gesti\u00f3n Multi-sitio S\u00ed<br \/>VLAN de Gesti\u00f3n S\u00ed<br \/>Otros<br \/>Certificaciones CE, RoHS<br \/>Contenido del Paquete Punto de acceso inal\u00e1mbrico N montaje pared<br \/>300Mbps EAP115-Wall<br \/>Gu\u00eda de instalaci\u00f3n<br \/>Tornillo de fijaci\u00f3n<br \/>Requisitos del sistema Microsoft Windows XP, Vista, Windows 7, Windows 8,<br \/>Windows10, Linux, MAC (navegador web)<br \/>Factores Ambientales Temperatura de Funcionamiento: 0~40<br \/>(32~104)<br \/>Temperatura de Almacenamiento: -40~70 (-40~158)<br \/>Humedad de Funcionamiento: 10%~90% sin condensaci\u00f3n<br \/>Humedad de Almacenamiento: 5%~90% sin condensaci\u00f3n<\/p>\n","protected":false},"excerpt":{"rendered":"<p>Punto de acceso inalambrico de pared tp &#8211; link  eap115 &#8211; wall n 300mbps<\/p>\n","protected":false},"featured_media":239321,"comment_status":"open","ping_status":"open","template":"","meta":{"_et_pb_use_builder":"","_et_pb_old_content":"","_et_gb_content_width":""},"product_brand":[3946],"product_cat":[2058,3299,3261,4005],"product_tag":[3302,3264,3948],"class_list":{"0":"post-239320","1":"product","2":"type-product","3":"status-publish","4":"has-post-thumbnail","6":"product_brand-tp-link","7":"product_cat-dispositivos","8":"product_cat-puntos-de-acceso","9":"product_cat-redes","10":"product_cat-tp-link-puntos-de-acceso","11":"product_tag-puntos-de-acceso","12":"product_tag-redes","13":"product_tag-tp-link","14":"product_shipping_class-2088","15":"pa_canon-digital-impuesto-incluido-de-0-e","16":"pa_categoria-redes","17":"pa_marca-tp-link","18":"pa_peso-4175","19":"pa_referencia-mgs0000012584","21":"first","22":"instock","23":"sale","24":"taxable","25":"shipping-taxable","26":"purchasable","27":"product-type-simple"},"_links":{"self":[{"href":"https:\/\/linkxa.es\/linkshop\/wp-json\/wp\/v2\/product\/239320","targetHints":{"allow":["GET"]}}],"collection":[{"href":"https:\/\/linkxa.es\/linkshop\/wp-json\/wp\/v2\/product"}],"about":[{"href":"https:\/\/linkxa.es\/linkshop\/wp-json\/wp\/v2\/types\/product"}],"replies":[{"embeddable":true,"href":"https:\/\/linkxa.es\/linkshop\/wp-json\/wp\/v2\/comments?post=239320"}],"wp:featuredmedia":[{"embeddable":true,"href":"https:\/\/linkxa.es\/linkshop\/wp-json\/wp\/v2\/media\/239321"}],"wp:attachment":[{"href":"https:\/\/linkxa.es\/linkshop\/wp-json\/wp\/v2\/media?parent=239320"}],"wp:term":[{"taxonomy":"product_brand","embeddable":true,"href":"https:\/\/linkxa.es\/linkshop\/wp-json\/wp\/v2\/product_brand?post=239320"},{"taxonomy":"product_cat","embeddable":true,"href":"https:\/\/linkxa.es\/linkshop\/wp-json\/wp\/v2\/product_cat?post=239320"},{"taxonomy":"product_tag","embeddable":true,"href":"https:\/\/linkxa.es\/linkshop\/wp-json\/wp\/v2\/product_tag?post=239320"}],"curies":[{"name":"wp","href":"https:\/\/api.w.org\/{rel}","templated":true}]}}