{"id":239356,"date":"2025-01-10T12:21:52","date_gmt":"2025-01-10T12:21:52","guid":{"rendered":"https:\/\/linkxa.es\/contratacion\/producto\/switch-16-puertos-tp-link-tl-sg1016pe-easy\/"},"modified":"2025-12-08T12:55:59","modified_gmt":"2025-12-08T12:55:59","slug":"switch-16-puertos-tp-link-tl-sg1016pe-easy","status":"publish","type":"product","link":"https:\/\/linkxa.es\/linkshop\/producto\/switch-16-puertos-tp-link-tl-sg1016pe-easy\/","title":{"rendered":"Switch 16 puertos tp &#8211; link tl &#8211; sg1016pe easy"},"content":{"rendered":"<div style=\"text-align: center; margin-bottom: 20px;\">\n<h2 style=\"font-size: 22px; font-weight: 600; margin: 0; color: #333;\">Tp &#8211; link\u00a0|\u00a0 Switch<\/h2>\n<p><strong>Switch 16 puertos tp &#8211; link tl &#8211; sg1016pe easy smart 10 &#8211; 100 &#8211; 1000<\/strong><\/p>\n<\/div>\n<p style=\"max-width: 700px; margin: 0px auto 30px; font-size: 18px; line-height: 1.6; color: #555555; font-style: italic; text-align: left;\">Switch Easy Smart de 16 Puertos Gigabit<\/p>\n<p>16 puertos 10\/100\/1000Mbps RJ45<br \/>Proporciona monitorizaci\u00f3n de la red, priorizaci\u00f3n de tr\u00e1fico y VLAN<br \/>Innovadora tecnolog\u00eda de eficiencia energ\u00e9tica que reduce el gasto de energ\u00eda<br \/>hasta en un 40%<br \/>Sencilla puesta a punto de la Red con conectividad plug-and-play<br \/>Gesti\u00f3n centralizada de todos los switches Easy Smart con la Utilidad de<br \/>Configuraci\u00f3n Easy Smart<\/p>\n<p>CARACTER\u00cdSTICAS DE HARDWARE<br \/>Est\u00e1ndares y Protocolos IEEE 802.3i, IEEE 802.3u, IEEE 802.3ab, IEEE 802.3x, IEEE<br \/>802.1q, IEEE 802.1p<br \/>Interfaz 16 puertos RJ45 a 10\/100\/1000 Mbps con negociaci\u00f3n autom\u00e1tica<br \/>(MDI\/MDIX autom\u00e1tico)<br \/>Medios de Red 10Base-T: cable UTP categor\u00edas 3, 4, 5 (100 metros m\u00e1ximo)<br \/>EIA\/TIA-568 100 STP (m\u00e1ximo 100 m)<br \/>100Base-Tx: cable UTP categor\u00edas 5, 5e (m\u00e1ximo 100 metros)<br \/>EIA\/TIA-568 100 STP (m\u00e1ximo 100 m)<br \/>1000Base-T: cables UTP categor\u00eda 5, 5e (m\u00e1ximo 100 metros)<br \/>Cantidad de Ventiladores Sin ventiladores<br \/>Bloqueo de Seguridad F\u00edsico No<br \/>Fuente de Alimentaci\u00f3n 100-240VAC, 50\/60Hz<br \/>Dimensiones 11.6*7.1*1.7 pulgadas (294*180*44 mm)<br \/>Montaje Montaje en Rack<br \/>Consumo de Potencia M\u00e1ximo 10.54W (220V\/50Hz)<br \/>Disipaci\u00f3n m\u00e1xima de calor 35.94 BTU\/h<br \/>RENDIMIENTO<br \/>Capacidad de Conmutaci\u00f3n 32Gbps<br \/>Tasa de Reenv\u00edo de Paquetes 23.8Mpps<br \/>Tabla de Direcciones MAC 8K<br \/>Memoria del Buffer de Paquete 4.1Mbit<br \/>Jumbo Frame 10KB<br \/>CARACTER\u00cdSTICAS DE SOFTWARE<br \/>Calidad de Servicio Soporta prioridad 802.1p\/DSCP<br \/>Soporta 4 colas de prioridad<br \/>L\u00edmite de env\u00edo<br \/>Control de r\u00e1fagas de broadcast<br \/>Caracter\u00edsticas L2 IGMP Snooping V1\/V2\/V3<br \/>Agregac\u00edon Est\u00e1tcia de Enlaces<br \/>Port Mirroring<br \/>Diagn\u00f3stico de Cables<br \/>Prevenci\u00f3n de Loop<br \/>VLAN Soporte hasta 128 VLANs simult\u00e1neas (de 4K VLAN IDs)<br \/>MTU\/Puerto\/Tag VLAN<br \/>M\u00e9todo de Transmisi\u00f3n Store-And-Forward<br \/>Otros<br \/>Certificaciones FCC, CE, RoHS<br \/>Contenido del Paquete Switch para sobremesa\/bastidor con 16 puertos<br \/>Gigabit<br \/>Cable de alimentaci\u00f3n<br \/>Manual de usuario<br \/>CD de recursos<br \/>Kit de montaje en bastidor<br \/>Puntos de goma<br \/>Requisitos del sistema Microsoft Windows 98SE, NT, 2000, XP, Vista<br \/>Windows 7\/8\/10, MAC OS, NetWare, UNIX o Linux.<br \/>Factores Ambientales Temperatura de funcionamiento: 0~40<br \/>(32~104),<br \/>Temperatura de almacenamiento: -40~70 (-40~158),<br \/>Humedad de funcionamiento: 10%~90% sin condensaci\u00f3n,<br \/>Humedad de almacenamiento: 5%~90% sin condensaci\u00f3n<\/p>\n","protected":false},"excerpt":{"rendered":"<p>Switch 16 puertos tp &#8211; link tl &#8211; sg1016pe easy smart 10 &#8211; 100 &#8211; 1000<\/p>\n","protected":false},"featured_media":239357,"comment_status":"open","ping_status":"open","template":"","meta":{"_et_pb_use_builder":"","_et_pb_old_content":"","_et_gb_content_width":""},"product_brand":[3946],"product_cat":[2058,3261,3270,3955],"product_tag":[3264,3273,3948],"class_list":{"0":"post-239356","1":"product","2":"type-product","3":"status-publish","4":"has-post-thumbnail","6":"product_brand-tp-link","7":"product_cat-dispositivos","8":"product_cat-redes","9":"product_cat-switch","10":"product_cat-tp-link-switch","11":"product_tag-redes","12":"product_tag-switch","13":"product_tag-tp-link","14":"product_shipping_class-2088","15":"pa_canon-digital-impuesto-incluido-de-0-e","16":"pa_categoria-redes","17":"pa_marca-tp-link","18":"pa_peso-4196","19":"pa_referencia-mgs0000012614","21":"first","22":"instock","23":"sale","24":"taxable","25":"shipping-taxable","26":"purchasable","27":"product-type-simple"},"_links":{"self":[{"href":"https:\/\/linkxa.es\/linkshop\/wp-json\/wp\/v2\/product\/239356","targetHints":{"allow":["GET"]}}],"collection":[{"href":"https:\/\/linkxa.es\/linkshop\/wp-json\/wp\/v2\/product"}],"about":[{"href":"https:\/\/linkxa.es\/linkshop\/wp-json\/wp\/v2\/types\/product"}],"replies":[{"embeddable":true,"href":"https:\/\/linkxa.es\/linkshop\/wp-json\/wp\/v2\/comments?post=239356"}],"wp:featuredmedia":[{"embeddable":true,"href":"https:\/\/linkxa.es\/linkshop\/wp-json\/wp\/v2\/media\/239357"}],"wp:attachment":[{"href":"https:\/\/linkxa.es\/linkshop\/wp-json\/wp\/v2\/media?parent=239356"}],"wp:term":[{"taxonomy":"product_brand","embeddable":true,"href":"https:\/\/linkxa.es\/linkshop\/wp-json\/wp\/v2\/product_brand?post=239356"},{"taxonomy":"product_cat","embeddable":true,"href":"https:\/\/linkxa.es\/linkshop\/wp-json\/wp\/v2\/product_cat?post=239356"},{"taxonomy":"product_tag","embeddable":true,"href":"https:\/\/linkxa.es\/linkshop\/wp-json\/wp\/v2\/product_tag?post=239356"}],"curies":[{"name":"wp","href":"https:\/\/api.w.org\/{rel}","templated":true}]}}