{"id":239382,"date":"2025-12-06T09:33:50","date_gmt":"2025-12-06T09:33:50","guid":{"rendered":"https:\/\/linkxa.es\/contratacion\/producto\/switch-5-puertos-tp-link-tl-sg1005lp-10\/"},"modified":"2025-12-08T12:59:41","modified_gmt":"2025-12-08T12:59:41","slug":"switch-5-puertos-tp-link-tl-sg1005lp-10","status":"publish","type":"product","link":"https:\/\/linkxa.es\/linkshop\/producto\/switch-5-puertos-tp-link-tl-sg1005lp-10\/","title":{"rendered":"Switch 5 puertos tp &#8211; link tl &#8211; sg1005lp 10"},"content":{"rendered":"<div style=\"text-align: center; margin-bottom: 20px;\">\n<h2 style=\"font-size: 22px; font-weight: 600; margin: 0; color: #333;\">Tp &#8211; link\u00a0|\u00a0 Switch<\/h2>\n<p><strong>Switch 5 puertos tp &#8211; link tl &#8211; sg1005lp 10 &#8211; 100 &#8211; 1000 4 puertos poe+<\/strong><\/p>\n<\/div>\n<p style=\"max-width: 700px; margin: 0px auto 30px; font-size: 18px; line-height: 1.6; color: #555555; font-style: italic; text-align: left;\">Switch de escritorio Gigabit de 5 puertos con 4 puertos PoE+<\/p>\n<p>5 puertos RJ45 de 10\/100\/1000 Mbps<br \/>Con cuatro puertos PoE +, transfiere datos y energ\u00eda en un solo cable<br \/>Funciona con PD compatibles con IEEE 802.3af \/ at<br \/>802.1p \/ DSCP QoS permite un tr\u00e1fico suave sensible a la latencia<br \/>Admite alimentaci\u00f3n PoE de hasta 30 W para cada puerto PoE<br \/>Admite alimentaci\u00f3n PoE de hasta 40 W para todos los puertos PoE *<br \/>Plug and play, no requiere configuraci\u00f3n ni instalaci\u00f3n<br \/>CARACTER\u00cdSTICAS DE HARDWARE<br \/>Interfaz 5 puertos RJ45 de 10\/100\/1000 Mbps<br \/>Autonegociaci\u00f3n<br \/>AUTO MDI \/ MDIX<br \/>Medios de Red 10BASE-T: cable UTP categor\u00eda 3, 4, 5 (m\u00e1ximo 100 m)<br \/>EIA \/ TIA-568 STP de 100 (m\u00e1ximo 100 m)<br \/>100BASE-TX: cable UTP categor\u00eda 5, 5e (m\u00e1ximo 100 m)<br \/>EIA \/ TIA-568 STP de 100 (m\u00e1ximo 100 m)<br \/>1000BASE-T: cable UTP categor\u00eda 5, 5e, 6 o superior (m\u00e1ximo 100 m)<br \/>EIA \/ TIA-568 STP de 100 (m\u00e1ximo 100 m)<br \/>Cantidad de Ventiladores Sin ventilador<br \/>Fuente de Alimentaci\u00f3n Externa Adaptador de corriente externo (salida: 53,5<br \/>V CC \/ 0,81 A)<br \/>Tasa de Reenv\u00edo de Paquetes 7.44 Mpps<br \/>Puertos PoE (RJ45) Est\u00e1ndar: compatible con 802.3 af \/ at<br \/>Puertos PoE: puertos 14<br \/>Fuente de alimentaci\u00f3n: 40 W<br \/>Tabla de Direcci\u00f3n MAC 2K<br \/>Jumbo Frame 16 KB<br \/>Capacidad de Conmutaci\u00f3n 10 Gbps<br \/>Dimensiones 3.9\u00d73.9\u00d71.0 in (99.8\u00d798\u00d725 mm)<br \/>Consumo de Potencia M\u00e1ximo 4,12 W (220\/50 Hz. Sin PD conectado)<br \/>47,5 W (220\/50 Hz. Con 40 W PD conectado)<br \/>Disipaci\u00f3n m\u00e1xima de calor 14,05 BTU \/ h (sin PD conectado)<br \/>161,98 BTU \/ h (con PD de 40 W conectado)<br \/>CARACTER\u00cdSTICAS DE SOFTWARE<br \/>Caracter\u00edsticas Avanzadas Compatible con PD compatibles con IEEE 802.3af \/ at<br \/>Autoaprendizaje y envejecimiento autom\u00e1tico de direcciones Mac<br \/>Control de flujo IEEE 802.3x<br \/>QoS 802.1p \/ DSCP<br \/>Inspecci\u00f3n IGMP<br \/>M\u00e9todo de Transferencia Almacenamiento y reenvio<br \/>Otros<br \/>Certificaciones FCC, CE, RoHS<br \/>Contenido del Paquete TL-SG1005LP<br \/>Adaptador de corriente<br \/>Gu\u00eda de instalaci\u00f3n<br \/>Factores Ambientales Temperatura de funcionamiento: 040 (32104 ),<br \/>Temperatura de almacenamiento: -4070 (-40158 )<br \/>Humedad de funcionamiento: 10 a 90% de humedad relativa sin condensaci\u00f3n<br \/>Humedad de almacenamiento: 590% de humedad relativa sin condensaci\u00f3n<\/p>\n","protected":false},"excerpt":{"rendered":"<p>Switch 5 puertos tp &#8211; link tl &#8211; sg1005lp 10 &#8211; 100 &#8211; 1000 4 puertos poe+<\/p>\n","protected":false},"featured_media":239383,"comment_status":"open","ping_status":"open","template":"","meta":{"_et_pb_use_builder":"","_et_pb_old_content":"","_et_gb_content_width":""},"product_brand":[3946],"product_cat":[2058,3261,3270,3955],"product_tag":[3264,3273,3948],"class_list":{"0":"post-239382","1":"product","2":"type-product","3":"status-publish","4":"has-post-thumbnail","6":"product_brand-tp-link","7":"product_cat-dispositivos","8":"product_cat-redes","9":"product_cat-switch","10":"product_cat-tp-link-switch","11":"product_tag-redes","12":"product_tag-switch","13":"product_tag-tp-link","14":"product_shipping_class-2059","15":"pa_canon-digital-impuesto-incluido-de-0-e","16":"pa_categoria-redes","17":"pa_marca-tp-link","18":"pa_peso-4211","19":"pa_referencia-mgs0000012641","21":"first","22":"instock","23":"sale","24":"taxable","25":"shipping-taxable","26":"purchasable","27":"product-type-simple"},"_links":{"self":[{"href":"https:\/\/linkxa.es\/linkshop\/wp-json\/wp\/v2\/product\/239382","targetHints":{"allow":["GET"]}}],"collection":[{"href":"https:\/\/linkxa.es\/linkshop\/wp-json\/wp\/v2\/product"}],"about":[{"href":"https:\/\/linkxa.es\/linkshop\/wp-json\/wp\/v2\/types\/product"}],"replies":[{"embeddable":true,"href":"https:\/\/linkxa.es\/linkshop\/wp-json\/wp\/v2\/comments?post=239382"}],"wp:featuredmedia":[{"embeddable":true,"href":"https:\/\/linkxa.es\/linkshop\/wp-json\/wp\/v2\/media\/239383"}],"wp:attachment":[{"href":"https:\/\/linkxa.es\/linkshop\/wp-json\/wp\/v2\/media?parent=239382"}],"wp:term":[{"taxonomy":"product_brand","embeddable":true,"href":"https:\/\/linkxa.es\/linkshop\/wp-json\/wp\/v2\/product_brand?post=239382"},{"taxonomy":"product_cat","embeddable":true,"href":"https:\/\/linkxa.es\/linkshop\/wp-json\/wp\/v2\/product_cat?post=239382"},{"taxonomy":"product_tag","embeddable":true,"href":"https:\/\/linkxa.es\/linkshop\/wp-json\/wp\/v2\/product_tag?post=239382"}],"curies":[{"name":"wp","href":"https:\/\/api.w.org\/{rel}","templated":true}]}}