{"id":239392,"date":"2025-06-08T10:39:42","date_gmt":"2025-06-08T10:39:42","guid":{"rendered":"https:\/\/linkxa.es\/contratacion\/producto\/inyector-poe-tp-link-tl-poe170s-hasta-60w\/"},"modified":"2025-12-08T13:01:03","modified_gmt":"2025-12-08T13:01:03","slug":"inyector-poe-tp-link-tl-poe170s-hasta-60w","status":"publish","type":"product","link":"https:\/\/linkxa.es\/linkshop\/producto\/inyector-poe-tp-link-tl-poe170s-hasta-60w\/","title":{"rendered":"Inyector poe++ tp &#8211; link tl &#8211; poe170s hasta 60w"},"content":{"rendered":"<div style=\"text-align: center; margin-bottom: 20px;\">\n<h2 style=\"font-size: 22px; font-weight: 600; margin: 0; color: #333;\">Tp &#8211; link\u00a0|\u00a0 Accesorios redes<\/h2>\n<p><strong>Inyector poe++ tp &#8211; link  tl &#8211; poe170s  hasta 60w<\/strong><\/p>\n<\/div>\n<p style=\"max-width: 700px; margin: 0px auto 30px; font-size: 18px; line-height: 1.6; color: #555555; font-style: italic; text-align: left;\">TL-POE170S<br \/>PoE++ Inyector<\/p>\n<p>2 puertos Gigabit garantizan una transmisi\u00f3n m\u00e1s r\u00e1pida<br \/>Cumple con los est\u00e1ndares IEEE802.3af \/at\/ bt *, suministra hasta 60 W<br \/>Reduce los costos de infraestructura al transmitir datos y energ\u00eda<br \/>simult\u00e1neamente a trav\u00e9s de un cable Ethernet<br \/>Determina y suministra autom\u00e1ticamente la potencia exacta para satisfacer las<br \/>necesidades del dispositivo<br \/>El dise\u00f1o de escritorio y montaje en pared se adapta a la mayor\u00eda de los<br \/>escenarios de instalaci\u00f3n<br \/>Instalaci\u00f3n Plug &#038; Play, no requiere configuraci\u00f3n<br \/>Fuente de alimentaci\u00f3n integrada<br \/>Carcasa de metal duradera<\/p>\n<p>Red<br \/>Est\u00e1ndares y Protocolos 1 puerto de entrada de datos RJ45 de 10\/100\/1000<br \/>Mbps<br \/>1 puerto RJ45 de alimentaci\u00f3n + salida de datos a 10\/100\/1000 Mbps<br \/>1 toma de CA<br \/>GENERAL<br \/>Certificaci\u00f3n FCC, CE, RoHS<br \/>Ambiente Temperatura de funcionamiento: 0 C a 45 C (32 F a 113 F)<br \/>Temperatura de almacenamiento: -40 C a 70 C (-40 F a 158 F)<br \/>Humedad de funcionamiento: 10% a 90% de humedad relativa sin condensaci\u00f3n<br \/>Humedad de almacenamiento: 5% a 90% de humedad relativa sin condensaci\u00f3n<br \/>Material Carcasa de metal<br \/>CONTENIDOS DEL PAQUETE<br \/>Contenidos del paquete Inyector PoE++ TL-POE170S<br \/>Gu\u00eda de instalaci\u00f3n<br \/>Cable de alimentaci\u00f3n<br \/>Cable RJ45<br \/>CARACTER\u00cdSTICAS DE HARDWARE<br \/>Medios de Red 10BASE-T: cable UTP categor\u00eda 3, 4, 5 (m\u00e1ximo 100 m)<br \/>EIA \/ TIA-568 100 STP (m\u00e1ximo 100 m)<br \/>100BASE-TX: cable UTP categor\u00eda 5, 5e (m\u00e1ximo 100 m)<br \/>EIA \/ TIA-568 100 STP (m\u00e1ximo 100 m)<br \/>1000BASE-T: cable UTP categor\u00eda 5, 5e, 6 (m\u00e1ximo 100 m)<br \/>Puertos 1 puerto de entrada de datos RJ45 de 10\/100\/1000 Mbps<br \/>1 puerto RJ45 de alimentaci\u00f3n + salida de datos a 10\/100\/1000 Mbps<br \/>1 toma de CA<br \/>Consumo de Potencia Entrada: 100-240 V, 50\/60 Hz, 1,6 A<br \/>Salida: autodetermina los requisitos de energ\u00eda necesarios (m\u00e1x.60 W)<br \/>Funciones B\u00e1sicas El algoritmo de detecci\u00f3n autom\u00e1tica permite proporcionar<br \/>energ\u00eda con 802.3af\/at\/bt * PD<br \/>Determina autom\u00e1ticamente los requisitos de energ\u00eda necesarios<br \/>Admite instalaci\u00f3n en escritorio y montaje en pared<br \/>Conecta y reproduce<br \/>Dimensiones 6.1*2.8*1.7 in (155*70*42 mm)<\/p>\n","protected":false},"excerpt":{"rendered":"<p>Inyector poe++ tp &#8211; link  tl &#8211; poe170s  hasta 60w<\/p>\n","protected":false},"featured_media":239393,"comment_status":"open","ping_status":"open","template":"","meta":{"_et_pb_use_builder":"","_et_pb_old_content":"","_et_gb_content_width":""},"product_brand":[3946],"product_cat":[3280,2058,3261,4053],"product_tag":[3283,3264,3948],"class_list":{"0":"post-239392","1":"product","2":"type-product","3":"status-publish","4":"has-post-thumbnail","6":"product_brand-tp-link","7":"product_cat-accesorios-redes","8":"product_cat-dispositivos","9":"product_cat-redes","10":"product_cat-tp-link-accesorios-redes","11":"product_tag-accesorios-redes","12":"product_tag-redes","13":"product_tag-tp-link","14":"product_shipping_class-2088","15":"pa_canon-digital-impuesto-incluido-de-0-e","16":"pa_categoria-redes","17":"pa_marca-tp-link","18":"pa_peso-4217","19":"pa_referencia-mgs0000012647","21":"first","22":"instock","23":"sale","24":"taxable","25":"shipping-taxable","26":"purchasable","27":"product-type-simple"},"_links":{"self":[{"href":"https:\/\/linkxa.es\/linkshop\/wp-json\/wp\/v2\/product\/239392","targetHints":{"allow":["GET"]}}],"collection":[{"href":"https:\/\/linkxa.es\/linkshop\/wp-json\/wp\/v2\/product"}],"about":[{"href":"https:\/\/linkxa.es\/linkshop\/wp-json\/wp\/v2\/types\/product"}],"replies":[{"embeddable":true,"href":"https:\/\/linkxa.es\/linkshop\/wp-json\/wp\/v2\/comments?post=239392"}],"wp:featuredmedia":[{"embeddable":true,"href":"https:\/\/linkxa.es\/linkshop\/wp-json\/wp\/v2\/media\/239393"}],"wp:attachment":[{"href":"https:\/\/linkxa.es\/linkshop\/wp-json\/wp\/v2\/media?parent=239392"}],"wp:term":[{"taxonomy":"product_brand","embeddable":true,"href":"https:\/\/linkxa.es\/linkshop\/wp-json\/wp\/v2\/product_brand?post=239392"},{"taxonomy":"product_cat","embeddable":true,"href":"https:\/\/linkxa.es\/linkshop\/wp-json\/wp\/v2\/product_cat?post=239392"},{"taxonomy":"product_tag","embeddable":true,"href":"https:\/\/linkxa.es\/linkshop\/wp-json\/wp\/v2\/product_tag?post=239392"}],"curies":[{"name":"wp","href":"https:\/\/api.w.org\/{rel}","templated":true}]}}