{"id":239406,"date":"2025-04-29T05:10:39","date_gmt":"2025-04-29T05:10:39","guid":{"rendered":"https:\/\/linkxa.es\/contratacion\/producto\/switch-tp-link-sx3016f-16-puertos-10g\/"},"modified":"2025-12-08T13:03:23","modified_gmt":"2025-12-08T13:03:23","slug":"switch-tp-link-sx3016f-16-puertos-10g","status":"publish","type":"product","link":"https:\/\/linkxa.es\/linkshop\/producto\/switch-tp-link-sx3016f-16-puertos-10g\/","title":{"rendered":"Switch tp &#8211; link sx3016f 16 puertos 10g"},"content":{"rendered":"<div style=\"text-align: center; margin-bottom: 20px;\">\n<h2 style=\"font-size: 22px; font-weight: 600; margin: 0; color: #333;\">Tp &#8211; link\u00a0|\u00a0 Switch<\/h2>\n<p><strong>Switch tp &#8211; link sx3016f 16 puertos 10g gestion l2<\/strong><\/p>\n<\/div>\n<p style=\"max-width: 700px; margin: 0px auto 30px; font-size: 18px; line-height: 1.6; color: #555555; font-style: italic; text-align: left;\">\n<p>TL-SX3016F<\/p>\n<p>Switch administrado JetStream de 16 puertos 10GE SFP+ L2+<\/p>\n<p>16 ranuras SFP+ de 10 GE completas: las ranuras SFP+ completas de 10 Gbps ultrarr\u00e1pidas brindan conectividad de agregaci\u00f3n de ancho de banda alto y capacidad de conmutaci\u00f3n de 320 Gbps sin bloqueo.<\/p>\n<p>Abundantes funciones L2 y L2+ : admite una l\u00ednea completa de funciones L2 y L2+ que incluyen enrutamiento est\u00e1tico, QoS de nivel empresarial, IGMP Snooping y m\u00e1s.<\/p>\n<p>Estrategias de seguridad s\u00f3lidas : ayuda a proteger la inversi\u00f3n en el \u00e1rea LAN con enlace de puerto IP-MAC integrado, ACL, seguridad de puerto, autenticaci\u00f3n 802.1X y m\u00e1s.<\/p>\n<p>Fuentes de alimentaci\u00f3n redundantes dobles : dos fuentes de alimentaci\u00f3n que se respaldan entre s\u00ed lo convierten en una opci\u00f3n ideal para una arquitectura de red confiable.<\/p>\n<p>Gesti\u00f3n centralizada de la nube : se integra en Omada SDN para el acceso a la nube y la gesti\u00f3n remota.<\/p>\n<p>Administraci\u00f3n independiente : Web, CLI (puerto de consola, Telnet, SSH), SNMP, RMON e imagen dual brindan potentes capacidades de administraci\u00f3n.<\/p>\n<p>CARACTER\u00cdSTICAS DE HARDWARE<\/p>\n<p>Interfaz<\/p>\n<p>Ranuras 16 10GE SFP +<\/p>\n<p>1 puerto de consola RJ45<\/p>\n<p>1 puerto de consola micro-USB<\/p>\n<p>Cantidad de Ventiladores: 1<\/p>\n<p>Fuente de Alimentaci\u00f3n: 100-240 V AC~50\/60 Hz<\/p>\n<p>Dimensiones: 17.3 8.7 1.7 in (440 220 44 mm)<\/p>\n<p>Montaje: Montaje en Rack<\/p>\n<p>Consumo de Potencia M\u00e1ximo 32.74 W (220 V \/ 50 Hz)<\/p>\n<p>Max Heat Dissipation 111.71 BTU\/hr (220 V \/ 50 Hz)<\/p>\n<p>RENDIMIENTO<\/p>\n<p>Capacidad de Conmutaci\u00f3n 320 Gbps<\/p>\n<p>Tasa de Reenv\u00edo de Paquetes 238.08 Mpps<\/p>\n<p>Tabla de Direcciones MAC 32 K<\/p>\n<p>Jumbo Frame 9 KB<\/p>\n<p>CARACTER\u00cdSTICAS DE SOFTWARE<\/p>\n<p>Calidad de Servicio 8 colas de prioridad<\/p>\n<p>Prioridad 802.1p CoS \/ DSCP<\/p>\n<p>Programaci\u00f3n de colas<\/p>\n<p>&#8211; SP (prioridad estricta)<\/p>\n<p>&#8211; WRR (Round Robin ponderado)<\/p>\n<p>&#8211; SP + WRR<\/p>\n<p>Control de Ancho de Banda<\/p>\n<p>&#8211; Limitaci\u00f3n de clasificaci\u00f3n basada en puerto \/ flujo<\/p>\n<p>Rendimiento m\u00e1s fluido<\/p>\n<p>Acci\u00f3n por los flujos<\/p>\n<p>&#8211; Espejo (a la interfaz compatible)<\/p>\n<p>&#8211; Redirigir (a la interfaz compatible)<\/p>\n<p>&#8211; L\u00edmite de tarifa<\/p>\n<p>&#8211; Observaci\u00f3n de QoS<\/p>\n<p>Caracter\u00edsticas L2 y L2+ Agregar un link<\/p>\n<p>&#8211; agregaci\u00f3n de enlaces est\u00e1ticos<\/p>\n<p>&#8211; LACP 802.3ad<\/p>\n<p>&#8211; Hasta 8 grupos de agregaci\u00f3n, que contienen 8 puertos por grupo<\/p>\n<p>Protocolo de \u00e1rbol de expansi\u00f3n<\/p>\n<p>&#8211; 802.1d STP<\/p>\n<p>&#8211; 802.1w RSTP<\/p>\n<p>&#8211; MSTP 802.1s<\/p>\n<p>&#8211; Seguridad STP: TC Protect, BPDU Filter, Root Protect<\/p>\n<p>Detecci\u00f3n de bucle invertido<\/p>\n<p>&#8211; Basado en puerto<\/p>\n<p>&#8211; Basado en VLAN<\/p>\n<p>Control de flujo<\/p>\n<p>&#8211; Control de flujo 802.3x<\/p>\n<p>&#8211; Prevenci\u00f3n de bloqueo HOL<\/p>\n<p>Reflejo<\/p>\n<p>&#8211; Duplicaci\u00f3n de puertos<\/p>\n<p>&#8211; Duplicaci\u00f3n de CPU<\/p>\n<p>&#8211; Doce y cincuenta y nueve de la noche<\/p>\n<p>&#8211; Muchos a uno<\/p>\n<p>&#8211; Tx \/ Rx \/ Ambos<\/p>\n<p>Multicast L2 Inspecci\u00f3n IGMP<\/p>\n<p>&#8211; Inspecci\u00f3n IGMP v1 \/ v2 \/ v3<\/p>\n<p>&#8211; Salida r\u00e1pida<\/p>\n<p>&#8211; Consulta de indagaci\u00f3n IGMP<\/p>\n<p>&#8211; Autenticaci\u00f3n IGMP<\/p>\n<p>Autenticaci\u00f3n IGMP<\/p>\n<p>Indagaci\u00f3n MLD<\/p>\n<p>&#8211; Indagaci\u00f3n MLD v1 \/ v2<\/p>\n<p>&#8211; Salida r\u00e1pida<\/p>\n<p>&#8211; Consulta de indagaci\u00f3n MLD<\/p>\n<p>&#8211; Configuraci\u00f3n de grupo est\u00e1tico<\/p>\n<p>&#8211; Multidifusi\u00f3n IP limitada<\/p>\n<p>MVR<\/p>\n<p>Filtrado de multidifusi\u00f3n: 256 perfiles y 16 entradas por perfil<\/p>\n<p>VLAN Grupo de VLAN<\/p>\n<p>&#8211; Grupos m\u00e1ximos de VLAN 4K<\/p>\n<p>VLAN etiquetada 802.1Q<\/p>\n<p>MAC VLAN: 30 entradas<\/p>\n<p>Protocolo VLAN: plantilla de protocolo 16, protocolo VLAN 16<\/p>\n<p>VLAN privada<\/p>\n<p>GVRP<\/p>\n<p>VLAN VPN (QinQ)<\/p>\n<p>&#8211; QinQ basado en puertos<\/p>\n<p>&#8211; QinQ selectivo<\/p>\n<p>VLAN de voz<\/p>\n<p>Lista de Control de Acceso ACL basada en el tiempo<\/p>\n<p>MAC ACL<\/p>\n<p>&#8211; MAC de origen<\/p>\n<p>&#8211; MAC de destino<\/p>\n<p>&#8211; ID de VLAN<\/p>\n<p>&#8211; Prioridad de usuario<\/p>\n<p>&#8211; Tipo de \u00e9ter<\/p>\n<p>IP ACL<\/p>\n<p>-IP de origen<\/p>\n<p>&#8211; IP de destino<\/p>\n<p>&#8211; Fragmento<\/p>\n<p>&#8211; Protocolo IP<\/p>\n<p>&#8211; Bandera de TCP<\/p>\n<p>&#8211; Puerto TCP \/ UDP<\/p>\n<p>&#8211; TOS DSCP \/ IP<\/p>\n<p>&#8211; Prioridad de usuario<\/p>\n<p>ACL combinado<\/p>\n<p>Contenido de paquete ACL<\/p>\n<p>ACL de IPv6<\/p>\n<p>Pol\u00edtica<\/p>\n<p>&#8211; Reflejo<\/p>\n<p>&#8211; Redirigir<\/p>\n<p>&#8211; L\u00edmite de tarifa<\/p>\n<p>&#8211; Observaci\u00f3n de QoS<\/p>\n<p>ACL se aplica al puerto \/ VLAN<\/p>\n<p>Seguridad Enlace de puerto IP-MAC<\/p>\n<p>&#8211; 512 entradas<\/p>\n<p>&#8211; Indagaci\u00f3n DHCP<\/p>\n<p>&#8211; Inspecci\u00f3n ARP<\/p>\n<p>&#8211; Protecci\u00f3n de fuente IPv4: 100 entradas<\/p>\n<p>Enlace IPv6-MAC-Port<\/p>\n<p>&#8211; 512 entradas<\/p>\n<p>&#8211; Indagaci\u00f3n DHCPv6<\/p>\n<p>&#8211; Detecci\u00f3n ND<\/p>\n<p>&#8211; Protecci\u00f3n de fuente IPv6: 100 entradas<\/p>\n<p>Defensa DoS<\/p>\n<p>Seguridad de puerto est\u00e1tica \/ din\u00e1mica<\/p>\n<p>&#8211; Hasta 64 direcciones MAC por puerto<\/p>\n<p>Control de tormentas de difusi\u00f3n \/ multidifusi\u00f3n \/ unidifusi\u00f3n<\/p>\n<p>&#8211; modo de control de kbps \/ relaci\u00f3n<\/p>\n<p>802.1X<\/p>\n<p>&#8211; Autenticaci\u00f3n de base de puerto<\/p>\n<p>&#8211; Autenticaci\u00f3n de base de Mac<\/p>\n<p>&#8211; Asignaci\u00f3n de VLAN<\/p>\n<p>&#8211; MAB<\/p>\n<p>&#8211; VLAN de invitado<\/p>\n<p>&#8211; Admite autenticaci\u00f3n y rendici\u00f3n de cuentas de Radius<\/p>\n<p>AAA (incluido TACACS +)<\/p>\n<p>Aislamiento de puertos<\/p>\n<p>Gesti\u00f3n web segura a trav\u00e9s de HTTPS con SSLv3 \/ TLS 1.2<\/p>\n<p>Gesti\u00f3n segura de la interfaz de l\u00ednea de comandos (CLI) con SSHv1 \/ SSHv2<\/p>\n<p>Control de acceso basado en IP \/ Puerto \/ MAC<\/p>\n<p>IPv6 IPv6 doble IPv4 \/ IPv6<\/p>\n<p>Detecci\u00f3n de detecci\u00f3n de escucha de multidifusi\u00f3n (MLD)<\/p>\n<p>ACL de IPv6<\/p>\n<p>Interfaz IPv6<\/p>\n<p>Enrutamiento IPv6 est\u00e1tico<\/p>\n<p>Descubrimiento de vecinos IPv6 (ND)<\/p>\n<p>Descubrimiento de la unidad de transmisi\u00f3n m\u00e1xima de ruta (MTU)<\/p>\n<p>Protocolo de mensajes de control de Internet (ICMP) versi\u00f3n 6<\/p>\n<p>TCPv6 \/ UDPv6<\/p>\n<p>Aplicaciones IPv6<\/p>\n<p>&#8211; Cliente DHCPv6<\/p>\n<p>&#8211; Ping6<\/p>\n<p>&#8211; Tracert6<\/p>\n<p>&#8211; Telnet (v6)<\/p>\n<p>&#8211; IPv6 SNMP<\/p>\n<p>&#8211; IPv6 SSH<\/p>\n<p>&#8211; SSL IPv6<\/p>\n<p>&#8211; Http \/ Https<\/p>\n<p>&#8211; IPv6 TFTP<\/p>\n<p>Caracter\u00edsticas L3 16 interfaces IPv4 \/ IPv6<\/p>\n<p>Enrutamiento estatico<\/p>\n<p>&#8211; 48 rutas est\u00e1ticas<\/p>\n<p>ARP est\u00e1tico<\/p>\n<p>&#8211; 128 entradas est\u00e1ticas<\/p>\n<p>Proxy ARP<\/p>\n<p>ARP gratuito<\/p>\n<p>Servidor DHCP<\/p>\n<p>Rel\u00e9 DHCP<\/p>\n<p>&#8211; Rel\u00e9 de interfaz DHCP<\/p>\n<p>&#8211; Rel\u00e9 DHCP VLAN<\/p>\n<p>Rel\u00e9 DHCP L2<\/p>\n<p>Gesti\u00f3n GUI basada en web<\/p>\n<p>Interfaz de l\u00ednea de comandos (CLI) a trav\u00e9s del puerto de la consola, telnet<\/p>\n<p>SNMP v1 \/ v2c \/ v3<\/p>\n<p>&#8211; Trampa \/ Informar<\/p>\n<p>&#8211; RMON (1,2,3,9 grupos)<\/p>\n<p>Plantilla SDM<\/p>\n<p>Cliente DHCP \/ BOOTP<\/p>\n<p>802.1ab LLDP \/ LLDP-MED<\/p>\n<p>Instalaci\u00f3n autom\u00e1tica de DHCP<\/p>\n<p>Imagen dual, configuraci\u00f3n dual<\/p>\n<p>Supervisi\u00f3n de CPU<\/p>\n<p>Diagn\u00f3stico de cables<\/p>\n<p>EEE<\/p>\n<p>Recuperaci\u00f3n de contrase\u00f1a<\/p>\n<p>SNTP<\/p>\n<p>Registro del sistema<\/p>\n<p>Caracter\u00edsticas Avanzadas Admite controlador de hardware Omada (OC200 \/ OC300), controlador de software, controlador basado en la nube<\/p>\n<p>Descubrimiento autom\u00e1tico de dispositivos<\/p>\n<p>Configuraci\u00f3n por lotes<\/p>\n<p>Actualizaci\u00f3n de firmware por lotes<\/p>\n<p>Monitoreo de red inteligente<\/p>\n<p>Advertencias de eventos anormales<\/p>\n<p>Configuraci\u00f3n unificada<\/p>\n<p>Programa de reinicio<\/p>\n<p>ZTP (aprovisionamiento sin intervenci\u00f3n) *<\/p>\n<p>MIBs MIB II (RFC1213)<\/p>\n<p>Interfaz MIB (RFC2233)<\/p>\n<p>Interfaz Ethernet MIB (RFC1643)<\/p>\n<p>Puente MIB (RFC1493)<\/p>\n<p>P \/ Q-Bridge MIB (RFC2674)<\/p>\n<p>RMON MIB (RFC2819)<\/p>\n<p>RMON2 MIB (RFC2021)<\/p>\n<p>MIB de cliente de contabilidad Radius (RFC2620)<\/p>\n<p>MIB de cliente de autenticaci\u00f3n Radius (RFC2618)<\/p>\n<p>Ping remoto, Traceroute MIB (RFC2925)<\/p>\n<p>Admite MIB privado TP-Link<\/p>\n<p>OTROS<\/p>\n<p>Certificaciones CE, FCC, RoHS<\/p>\n","protected":false},"excerpt":{"rendered":"<p>Switch tp &#8211; link sx3016f 16 puertos 10g gestion l2<\/p>\n","protected":false},"featured_media":239407,"comment_status":"open","ping_status":"open","template":"","meta":{"_et_pb_use_builder":"","_et_pb_old_content":"","_et_gb_content_width":""},"product_brand":[3946],"product_cat":[2058,3261,3270,3955],"product_tag":[3264,3273,3948],"class_list":{"0":"post-239406","1":"product","2":"type-product","3":"status-publish","4":"has-post-thumbnail","6":"product_brand-tp-link","7":"product_cat-dispositivos","8":"product_cat-redes","9":"product_cat-switch","10":"product_cat-tp-link-switch","11":"product_tag-redes","12":"product_tag-switch","13":"product_tag-tp-link","14":"product_shipping_class-2088","15":"pa_canon-digital-impuesto-incluido-de-0-e","16":"pa_categoria-redes","17":"pa_marca-tp-link","18":"pa_peso-4227","19":"pa_referencia-mgs0000019801","21":"first","22":"instock","23":"sale","24":"taxable","25":"shipping-taxable","26":"purchasable","27":"product-type-simple"},"_links":{"self":[{"href":"https:\/\/linkxa.es\/linkshop\/wp-json\/wp\/v2\/product\/239406","targetHints":{"allow":["GET"]}}],"collection":[{"href":"https:\/\/linkxa.es\/linkshop\/wp-json\/wp\/v2\/product"}],"about":[{"href":"https:\/\/linkxa.es\/linkshop\/wp-json\/wp\/v2\/types\/product"}],"replies":[{"embeddable":true,"href":"https:\/\/linkxa.es\/linkshop\/wp-json\/wp\/v2\/comments?post=239406"}],"wp:featuredmedia":[{"embeddable":true,"href":"https:\/\/linkxa.es\/linkshop\/wp-json\/wp\/v2\/media\/239407"}],"wp:attachment":[{"href":"https:\/\/linkxa.es\/linkshop\/wp-json\/wp\/v2\/media?parent=239406"}],"wp:term":[{"taxonomy":"product_brand","embeddable":true,"href":"https:\/\/linkxa.es\/linkshop\/wp-json\/wp\/v2\/product_brand?post=239406"},{"taxonomy":"product_cat","embeddable":true,"href":"https:\/\/linkxa.es\/linkshop\/wp-json\/wp\/v2\/product_cat?post=239406"},{"taxonomy":"product_tag","embeddable":true,"href":"https:\/\/linkxa.es\/linkshop\/wp-json\/wp\/v2\/product_tag?post=239406"}],"curies":[{"name":"wp","href":"https:\/\/api.w.org\/{rel}","templated":true}]}}