{"id":239416,"date":"2025-04-22T18:20:36","date_gmt":"2025-04-22T18:20:36","guid":{"rendered":"https:\/\/linkxa.es\/contratacion\/producto\/switch-tp-link-tl-sg1218mpe-16-puertos-poe\/"},"modified":"2025-12-08T13:04:40","modified_gmt":"2025-12-08T13:04:40","slug":"switch-tp-link-tl-sg1218mpe-16-puertos-poe","status":"publish","type":"product","link":"https:\/\/linkxa.es\/linkshop\/producto\/switch-tp-link-tl-sg1218mpe-16-puertos-poe\/","title":{"rendered":"Switch tp &#8211; link tl &#8211; sg1218mpe 16 puertos poe"},"content":{"rendered":"<div style=\"text-align: center; margin-bottom: 20px;\">\n<h2 style=\"font-size: 22px; font-weight: 600; margin: 0; color: #333;\">Tp &#8211; link\u00a0|\u00a0 Switch<\/h2>\n<p><strong>Switch tp &#8211; link tl &#8211; sg1218mpe 16 puertos poe 192w +2 sfp<\/strong><\/p>\n<\/div>\n<p style=\"max-width: 700px; margin: 0px auto 30px; font-size: 18px; line-height: 1.6; color: #555555; font-style: italic; text-align: left;\">Switch Easy Smart de 18 Puertos Gigabit con PoE+ en 16 Puertos.<\/p>\n<p>16 puertos gigabit RJ45 PoE+, 2 puertos gigabit RJ45 no PoE y 2 ranuras combo gigabit SFP.<br \/>La Potencia de energ\u00eda PoE es de hasta 250 W, lo que lo hace ideal para sistemas de vigilancia de peque\u00f1as y medianas empresas.*<br \/>La Prioridad de puerto garantiza la calidad de aplicaciones sensibles como la monitorizaci\u00f3n de v\u00eddeo.<br \/>La Recuperaci\u00f3n autom\u00e1tica PoE reinicia autom\u00e1ticamente los dispositivos PoE que se desconectan o no responden.<br \/>La Gesti\u00f3n inteligente de energ\u00eda protege el switch contra sobrecargas.<br \/>La Calidad de Servicio (QoS) asegura un flujo de tr\u00e1fico fluido para aplicaciones sensibles a la latencia.<br \/>El IGMP Snooping optimiza la entrega de tr\u00e1fico multimedia, como IPTV.<br \/>CARACTER\u00cdSTICAS DE HARDWARE<br \/>Est\u00e1ndares y Protocolos IEEE 802.3, IEEE 802.3u, IEEE 802.3ab, IEEE 802.3x, IEEE 802.3af, IEEE 802.3at, IEEE 802.1q, IEEE 802.1p<br \/>Interfaz 16 puertos 10\/100\/1000 Mbps PoE+ RJ45 (Negociaci\u00f3n autom\u00e1tica\/Auto MDI\/MDIX)<br \/>2 puertos 10\/100\/1000 Mbps no PoE RJ45 (Negociaci\u00f3n autom\u00e1tica\/Auto MDI\/MDIX)<br \/>2 puertos Combo Gigabit SFP<br \/>Medios de Red 10BASE-T: Cable UTP categor\u00eda 3, 4, 5 (m\u00e1ximo 100m)<br \/>EIA\/TIA-568 STP de 100 (m\u00e1ximo 100m)<br \/>100BASE-TX: Cable UTP categor\u00eda 5, 5e (m\u00e1ximo 100m)<br \/>EIA\/TIA-568 STP de 100 (m\u00e1ximo 100m)<br \/>1000BASE-T: Cable UTP categor\u00eda 5, 5e, 6 o superior (m\u00e1ximo 100m)<br \/>EIA\/TIA-568 STP de 100 (m\u00e1ximo 100m)<br \/>1000BASE-X MMF, SMF<br \/>Cantidad de Ventiladores 2 Ventiladores<br \/>Bloqueo de Seguridad F\u00edsico S\u00ed<br \/>Fuente de Alimentaci\u00f3n 100240V AC, 50\/60 Hz<br \/>Puertos PoE+ (RJ45) &#8211; Est\u00e1ndar: compatible con 802.3at\/802.3af<br \/>&#8211; Puertos PoE+: Puertos 1-16<br \/>&#8211; Fuente de alimentaci\u00f3n: 250 W<br \/>Dimensiones 17.3 7.1 1.7 in (440 180 44 mm)<br \/>Montaje Montaje en rack<br \/>Consumo de Potencia M\u00e1ximo v2, v3, 3.20, v4:<br \/>&#8211; 21,4 W (220\/50 Hz. sin PD conectada)<br \/>&#8211; 296,3 W (220\/50 Hz. con DP de 250 W conectada)<\/p>\n<p>v5:<br \/>&#8211; 19,4 W (220V\/50Hz. sin PD conectada)<br \/>&#8211; 293,3 W (220 V\/50 Hz. con DP de 250 W conectada)<br \/>Disipaci\u00f3n m\u00e1xima de calor v2, v3, 3.20, v4:<br \/>&#8211; 72,97 BTU\/h (sin PD conectada)<br \/>&#8211; 1010,38 BTU\/h (con DP de 250 W conectada)<\/p>\n<p>v5:<br \/>&#8211; 66,15 BTU\/h (sin PD conectada)<br \/>&#8211; 1000,15 BTU\/h (con DP de 250 W conectada)<br \/>RENDIMIENTO<br \/>Capacidad de Conmutaci\u00f3n 36 Gbps<br \/>Tasa de Reenv\u00edo de Paquetes 26.78 Mbps<br \/>Tabla de Direcciones MAC 8K<br \/>Memoria del Buffer de Paquete 4.1 Mbit<br \/>Jumbo Frame 10 KB<br \/>CARACTER\u00cdSTICAS DE SOFTWARE<br \/>Calidad de Servicio &#8211; Soporta prioridad 802.1p\/DSCP basada en puerto<br \/>&#8211; Admite 4 colas de prioridad<br \/>&#8211; L\u00edmite de velocidad<br \/>&#8211; Control de tormentas<br \/>Caracter\u00edsticas L2 &#8211; IGMP Snooping V1\/V2\/V3<br \/>&#8211; Agregaci\u00f3n est\u00e1tica de enlaces<br \/>&#8211; Duplicaci\u00f3n de puertos<br \/>&#8211; Diagn\u00f3stico de cables<br \/>&#8211; Prevenci\u00f3n de bucles<br \/>&#8211; Recuperaci\u00f3n autom\u00e1tica de PoE<br \/>VLAN &#8211; Admite hasta 32 VLAN simult\u00e1neas (de 4K ID de VLAN)<br \/>&#8211; MTU\/Puerto\/Etiqueta VLAN<br \/>Gesti\u00f3n &#8211; Interfaz gr\u00e1fica de usuario basada en web<br \/>&#8211; Sencilla utilidad de configuraci\u00f3n inteligente<br \/>M\u00e9todo de Transmisi\u00f3n Almacenar y reenviar<br \/>Otros<br \/>Certificaciones CE, FCC, RoHS<br \/>Contenido del Paquete &#8211; TL-SG1218MPE<br \/>&#8211; Cable de alimentaci\u00f3n<br \/>&#8211; Gu\u00eda de instalaci\u00f3n<br \/>&#8211; Kit de montaje en bastidor<br \/>&#8211; Pies de goma<br \/>Factores Ambientales &#8211; Temperatura de funcionamiento: 0-50 C (32-122 F)<br \/>&#8211; Temperatura de almacenamiento: -40-70 C (-40-158 F)<br \/>&#8211; Humedad de funcionamiento: 10-90% HR sin condensaci\u00f3n<br \/>&#8211; Humedad de almacenamiento: 5-90% HR sin condensaci\u00f3n<\/p>\n","protected":false},"excerpt":{"rendered":"<p>Switch tp &#8211; link tl &#8211; sg1218mpe 16 puertos poe 192w +2 sfp<\/p>\n","protected":false},"featured_media":239417,"comment_status":"open","ping_status":"open","template":"","meta":{"_et_pb_use_builder":"","_et_pb_old_content":"","_et_gb_content_width":""},"product_brand":[3946],"product_cat":[2058,3261,3270,3955],"product_tag":[3264,3273,3948],"class_list":{"0":"post-239416","1":"product","2":"type-product","3":"status-publish","4":"has-post-thumbnail","6":"product_brand-tp-link","7":"product_cat-dispositivos","8":"product_cat-redes","9":"product_cat-switch","10":"product_cat-tp-link-switch","11":"product_tag-redes","12":"product_tag-switch","13":"product_tag-tp-link","14":"product_shipping_class-2088","15":"pa_canon-digital-impuesto-incluido-de-0-e","16":"pa_categoria-redes","17":"pa_marca-tp-link","18":"pa_peso-4233","19":"pa_referencia-mgs0000021909","21":"first","22":"instock","23":"sale","24":"taxable","25":"shipping-taxable","26":"purchasable","27":"product-type-simple"},"_links":{"self":[{"href":"https:\/\/linkxa.es\/linkshop\/wp-json\/wp\/v2\/product\/239416","targetHints":{"allow":["GET"]}}],"collection":[{"href":"https:\/\/linkxa.es\/linkshop\/wp-json\/wp\/v2\/product"}],"about":[{"href":"https:\/\/linkxa.es\/linkshop\/wp-json\/wp\/v2\/types\/product"}],"replies":[{"embeddable":true,"href":"https:\/\/linkxa.es\/linkshop\/wp-json\/wp\/v2\/comments?post=239416"}],"wp:featuredmedia":[{"embeddable":true,"href":"https:\/\/linkxa.es\/linkshop\/wp-json\/wp\/v2\/media\/239417"}],"wp:attachment":[{"href":"https:\/\/linkxa.es\/linkshop\/wp-json\/wp\/v2\/media?parent=239416"}],"wp:term":[{"taxonomy":"product_brand","embeddable":true,"href":"https:\/\/linkxa.es\/linkshop\/wp-json\/wp\/v2\/product_brand?post=239416"},{"taxonomy":"product_cat","embeddable":true,"href":"https:\/\/linkxa.es\/linkshop\/wp-json\/wp\/v2\/product_cat?post=239416"},{"taxonomy":"product_tag","embeddable":true,"href":"https:\/\/linkxa.es\/linkshop\/wp-json\/wp\/v2\/product_tag?post=239416"}],"curies":[{"name":"wp","href":"https:\/\/api.w.org\/{rel}","templated":true}]}}