{"id":239461,"date":"2025-06-16T09:02:51","date_gmt":"2025-06-16T09:02:51","guid":{"rendered":"https:\/\/linkxa.es\/contratacion\/producto\/router-wifi-tp-link-archer-be9300-tri-band\/"},"modified":"2025-12-08T13:11:59","modified_gmt":"2025-12-08T13:11:59","slug":"router-wifi-tp-link-archer-be9300-tri-band","status":"publish","type":"product","link":"https:\/\/linkxa.es\/linkshop\/producto\/router-wifi-tp-link-archer-be9300-tri-band\/","title":{"rendered":"Router wifi tp &#8211; link archer be9300 tri &#8211; band"},"content":{"rendered":"<div style=\"text-align: center; margin-bottom: 20px;\">\n<h2 style=\"font-size: 22px; font-weight: 600; margin: 0; color: #333;\">Tp &#8211; link\u00a0|\u00a0 Routers<\/h2>\n<p><strong>Router wifi tp &#8211; link archer be9300 tri &#8211; band 9214 mbps<\/strong><\/p>\n<\/div>\n<p style=\"max-width: 700px; margin: 0px auto 30px; font-size: 18px; line-height: 1.6; color: #555555; font-style: italic; text-align: left;\">Archer BE550<br \/>Enrutador Wi-Fi 7 de triple banda BE9300<\/p>\n<p>Redefinici\u00f3n de los enrutadores WiFi: con un potente rendimiento de WiFi 7, conexiones por cable ultrarr\u00e1pidas y un dise\u00f1o completamente nuevo.<br \/>WiFi 7 tribanda ultrarr\u00e1pido de 9214 Mbps: permite que sus dispositivos funcionen a m\u00e1xima velocidad. Disfrute de una transmisi\u00f3n fluida en 4K\/8K, juegos AR\/VR inmersivos y descargas ultrarr\u00e1pidas.<br \/>Operaci\u00f3n de enlace m\u00faltiple (MLO): aumenta el rendimiento, reduce la latencia y mejora la confiabilidad para aplicaciones emergentes.<br \/>5 puertos 2,5G: 1 puerto WAN de 2,5 Gbps y 4 puertos LAN de 2,5 Gbps superan el cuello de botella de 1G, impulsando sus dispositivos al m\u00e1ximo rendimiento.<br \/>Cobertura maximizada: la optimizaci\u00f3n WiFi patentada y las antenas ubicadas de manera \u00f3ptima junto con Beamforming brindan m\u00e1s capacidad, conexiones m\u00e1s fuertes y confiables y menos interferencias.<br \/>Compatible con EasyMesh: funciona con enrutadores EasyMesh y extensores de rango para formar una red WiFi Mesh perfecta para todo el hogar, evitando ca\u00eddas y retrasos al pasar entre se\u00f1ales.<br \/>F\u00e1cil configuraci\u00f3n y uso: la administraci\u00f3n de la red nunca ha sido tan f\u00e1cil con la aplicaci\u00f3n Tether.<br \/>TP-Link HomeShield: La seguridad mejorada protege contra las \u00faltimas amenazas cibern\u00e9ticas.*<br \/>Gran compatibilidad: admite todas las generaciones y dispositivos Wi-Fi**y todos los proveedores de Internet***<br \/>Inal\u00e1mbricos<br \/>Velocidades Wi-Fi BE9300<br \/>6 GHz: 5760 Mbps (802.11be)<br \/>5 GHz: 2880 Mbps (802.11be)<br \/>2,4 GHz: 574 Mbps (802.11ax)<br \/>Casas Rango WiFi de 4 dormitorios 6 antenas ubicadas de manera \u00f3ptima<br \/>M\u00faltiples antenas forman un conjunto de refuerzo de se\u00f1al para cubrir m\u00e1s direcciones y \u00e1reas grandes<\/p>\n<p>Formaci\u00f3n de haces<br \/>Concentra la intensidad de la se\u00f1al inal\u00e1mbrica hacia los clientes para ampliar el alcance de WiFi<\/p>\n<p>FEM de alta potencia<br \/>Mejora la potencia de transmisi\u00f3n para fortalecer la cobertura de la se\u00f1al.<br \/>Capacidad Wi-Fi AltaTribanda<br \/>Asigne dispositivos a diferentes bandas para un rendimiento \u00f3ptimo<\/p>\n<p>22 MU-MIMO<br \/>Se comunica simult\u00e1neamente con m\u00faltiples clientes MU-MIMO<\/p>\n<p>OFDMA<br \/>Se comunica simult\u00e1neamente con m\u00faltiples clientes.<\/p>\n<p>Equidad en el tiempo aire<br \/>Mejora la eficiencia de la red al limitar la ocupaci\u00f3n excesiva<\/p>\n<p>DFS<br \/>Accede a una banda extra para reducir la congesti\u00f3n<\/p>\n<p>6 corrientes<br \/>Conecte sus dispositivos a m\u00e1s ancho de banda<br \/>Modos de trabajo Modo enrutador<br \/>Modo de punto de acceso<br \/>Funciones avanzadas Operaci\u00f3n multienlace (MLO)<br \/>Canal de 320MHz<br \/>QAM 4K<br \/>Varias RU<br \/>Compatible con EasyMesh<br \/>Funciona con Alexa y el Asistente de Google<br \/>Red de IoT<br \/>SEGURIDAD<br \/>Seguridad de Red SPI Firewall<br \/>Control de acceso<br \/>Enlace IP y MAC<br \/>Puerta de enlace de la capa de aplicaci\u00f3n<\/p>\n<p>HomeShield SecurityProtecci\u00f3n IoT en tiempo real<br \/>Bloqueador de sitios maliciosos<br \/>Sistema de Prevenci\u00f3n de Intrusi\u00f3n<br \/>Prevenci\u00f3n de ataques DDoS<br \/>Esc\u00e1ner de red dom\u00e9stica<br \/>Red de Invitados 1 Red de Invitados de 6 GHz<br \/>1 red para invitados de 5 GHz<br \/>1 red para invitados de 2,4 GHz<br \/>Servidor VPN Servidor OpenVPN<br \/>Servidor VPN PPTP<br \/>Servidor VPN L2TP<br \/>Servidor VPN WireGuard<br \/>Cliente VPN Abrir cliente VPN<br \/>Cliente VPN PPTP<br \/>Cliente VPN L2TP<br \/>Cliente VPN WireGuard<br \/>Cifrado WiFi WPA<br \/>WPA2<br \/>WPA3<br \/>WPA\/WPA2-Empresarial (802.1x)<br \/>HARDWARE<br \/>Puertos Ethernet 1 WAN de 2,5 Gbps<br \/>LAN 4 2,5 Gbps<br \/>Soporte USB 1USB 3.0<\/p>\n<p>Formatos de partici\u00f3n admitidos:<br \/>NTFS, exFAT, HFS+, FAT32<\/p>\n<p>Funciones admitidas:<br \/>Servidor FTP<br \/>Servidor multimedia<br \/>Servidor Samba<br \/>Botones Bot\u00f3n de encendido\/apagado<br \/>Bot\u00f3n de encendido\/apagado de Wi-Fi<br \/>Bot\u00f3n LED<br \/>Bot\u00f3n WPS<br \/>Bot\u00f3n de reinicio<br \/>Energ\u00eda 12V 3.3A<br \/>SOFTWARE<br \/>Protocolos IPv4<br \/>IPv6<br \/>Kit de servicio HomeShield<br \/>M\u00e1s informaci\u00f3n&#038;gt,<br \/>Compatible con EasyMesh<br \/>Controles parentales HomeShield Parental ControlsPerfiles personalizados<br \/>Biblioteca de filtros de contenido profesional<br \/>Tiempo familiar<br \/>Hora de acostarse<br \/>Fuera de tiempo<br \/>Recompensas de tiempo<br \/>Clasificaci\u00f3n del tiempo familiar en l\u00ednea<br \/>Pausar Internet<br \/>Informes semanales y mensuales<br \/>Tipo de WAN IP din\u00e1mica<br \/>IP est\u00e1tica<br \/>PPPoE<br \/>PPTP<br \/>L2TP<br \/>Calidad de servicio QoS por Dispositivo<br \/>Servicio de almacenamiento en la nube Actualizaci\u00f3n autom\u00e1tica de firmware<br \/>ID de TP-Link<br \/>DDNS<br \/>Reenv\u00edo NAT Reenv\u00edo de Puertos<br \/>Activaci\u00f3n de puertos<br \/>Zona desmilitarizada<br \/>UPnP<br \/>IPTV Proxy IGMP<br \/>Espionaje IGMP<br \/>Puente<br \/>Etiquetar VLAN<br \/>DHCP Reserva de direcci\u00f3n<br \/>Lista de clientes DHCP<br \/>Servidor<br \/>DDNS TP-Link<br \/>SIN IP<br \/>DynDNS<br \/>Gesti\u00f3n Aplicaci\u00f3n Tether<br \/>P\u00e1gina web<br \/>OTRO<br \/>Requisitos del sistema Internet Explorer 11+, Firefox 12.0+, Chrome 20.0+, Safari 4.0+ u otro navegador habilitado para JavaScript<\/p>\n<p>M\u00f3dem por cable o DSL (si es necesario)<\/p>\n<p>Suscripci\u00f3n con un proveedor de servicios de Internet (para acceso a Internet)<br \/>Certificaciones CE, FCC, RoHS<br \/>Ambiente Temperatura de funcionamiento: 0 ~ 40 (32 ~ 104 )<br \/>Humedad de funcionamiento: 10%~90% sin condensaci\u00f3n<br \/>F\u00cdSICO<br \/>Dimensiones (An. Pr. Al.) 3,0 9,1 8,0 pulg. (76 231,7 203 mm)<br \/>Contenido del paquete Enrutador Wi-Fi 7 Archer BE550<br \/>Adaptador de corriente<br \/>Cable Ethernet RJ45<br \/>Gu\u00eda de Instalaci\u00f3n R\u00e1pida<\/p>\n","protected":false},"excerpt":{"rendered":"<p>Router wifi tp &#8211; link archer be9300 tri &#8211; band 9214 mbps<\/p>\n","protected":false},"featured_media":239462,"comment_status":"open","ping_status":"open","template":"","meta":{"_et_pb_use_builder":"","_et_pb_old_content":"","_et_gb_content_width":""},"product_brand":[3946],"product_cat":[2058,3261,3311,3965],"product_tag":[3264,3314,3948],"class_list":{"0":"post-239461","1":"product","2":"type-product","3":"status-publish","4":"has-post-thumbnail","6":"product_brand-tp-link","7":"product_cat-dispositivos","8":"product_cat-redes","9":"product_cat-routers","10":"product_cat-tp-link-routers","11":"product_tag-redes","12":"product_tag-routers","13":"product_tag-tp-link","14":"product_shipping_class-2088","15":"pa_canon-digital-impuesto-incluido-de-0-e","16":"pa_categoria-redes","17":"pa_marca-tp-link","18":"pa_peso-4258","19":"pa_referencia-mgs0000022856","21":"first","22":"instock","23":"sale","24":"taxable","25":"shipping-taxable","26":"purchasable","27":"product-type-simple"},"_links":{"self":[{"href":"https:\/\/linkxa.es\/linkshop\/wp-json\/wp\/v2\/product\/239461","targetHints":{"allow":["GET"]}}],"collection":[{"href":"https:\/\/linkxa.es\/linkshop\/wp-json\/wp\/v2\/product"}],"about":[{"href":"https:\/\/linkxa.es\/linkshop\/wp-json\/wp\/v2\/types\/product"}],"replies":[{"embeddable":true,"href":"https:\/\/linkxa.es\/linkshop\/wp-json\/wp\/v2\/comments?post=239461"}],"wp:featuredmedia":[{"embeddable":true,"href":"https:\/\/linkxa.es\/linkshop\/wp-json\/wp\/v2\/media\/239462"}],"wp:attachment":[{"href":"https:\/\/linkxa.es\/linkshop\/wp-json\/wp\/v2\/media?parent=239461"}],"wp:term":[{"taxonomy":"product_brand","embeddable":true,"href":"https:\/\/linkxa.es\/linkshop\/wp-json\/wp\/v2\/product_brand?post=239461"},{"taxonomy":"product_cat","embeddable":true,"href":"https:\/\/linkxa.es\/linkshop\/wp-json\/wp\/v2\/product_cat?post=239461"},{"taxonomy":"product_tag","embeddable":true,"href":"https:\/\/linkxa.es\/linkshop\/wp-json\/wp\/v2\/product_tag?post=239461"}],"curies":[{"name":"wp","href":"https:\/\/api.w.org\/{rel}","templated":true}]}}