{"id":239603,"date":"2025-07-08T22:18:22","date_gmt":"2025-07-08T22:18:22","guid":{"rendered":"https:\/\/linkxa.es\/contratacion\/producto\/extensor-cobertura-wifi-dual-ac750-24\/"},"modified":"2025-12-08T13:31:29","modified_gmt":"2025-12-08T13:31:29","slug":"extensor-cobertura-wifi-dual-ac750-24","status":"publish","type":"product","link":"https:\/\/linkxa.es\/linkshop\/producto\/extensor-cobertura-wifi-dual-ac750-24\/","title":{"rendered":"Extensor cobertura wifi dual ac750 24"},"content":{"rendered":"<div style=\"text-align: center; margin-bottom: 20px;\">\n<h2 style=\"font-size: 22px; font-weight: 600; margin: 0; color: #333;\">Tp &#8211; link\u00a0|\u00a0 Extensores de red<\/h2>\n<p><strong>Extensor de cobertura wifi dual ac750 24 ghz y 5 ghz tp &#8211; link<\/strong><\/p>\n<\/div>\n<p style=\"max-width: 700px; margin: 0px auto 30px; font-size: 18px; line-height: 1.6; color: #555555; font-style: italic; text-align: left;\">Su modo de alta velocidad limita la conexi\u00f3n a una banda (2,4 GHz o 5 GHz)<br \/>para ofrecer el m\u00e1ximo rendimiento.<br \/>El modo Extensor de Rango amplifica la se\u00f1al inal\u00e1mbrica hasta zonas<br \/>donde antes no llegaba o que son dif\u00edciles de cablear<br \/>El dise\u00f1o de tama\u00f1o en miniatura para montaje en pared del dispositivo<br \/>facilita la instalaci\u00f3n y hace flexible su traslado.<br \/>Extiende f\u00e1cilmente la cobertura inal\u00e1mbrica con solo pulsar el bot\u00f3n<br \/>Range Extender<br \/>Su Indicador Luminoso Inteligente de Se\u00f1al ayudar a encontrar la ubicaci\u00f3n<br \/>id\u00f3nea para colocar el extensor de rango<br \/>El puerto Ethernet permite al Extensor funcionar como un adaptador<br \/>inal\u00e1mbrico para conectar dispositivos cableados<br \/>Las tasas de transferencia inal\u00e1mbrica a 300Mbps en 2.4GHz + 433 Mbps<br \/>en 5GHz son ideales para streaming de video, juegos en red y llamadas por<br \/>Internet<br \/>Soporta login basado en nombre de dominio (http:\/\/tplinkextender.net) para<br \/>gesti\u00f3n avanzada<br \/>Compatible con dispositivos inal\u00e1mbricos 802.11n\/g\/b\/ac<br \/>Las encriptaciones avanzadas WEP 64\/128\/152-bit, WPA-PSK \/ WPA2-PSK<br \/>protegen su red contra amenazas de seguridad<br \/>CARACTER\u00cdSTICAS DE HARDWARE<br \/>Est\u00e1ndares y protocolos IEEE802.11ac,IEEE 802.11n, IEEE 802.11g, IEEE<br \/>802.11b<br \/>Interfaces 1 puerto 10\/100M Ethernet (RJ45)<br \/>Tipo de Enchufe EU, UK, US, AU<br \/>Botones Bot\u00f3n RE (Range Extender), Bot\u00f3n de Reset<br \/>Dimensiones (W X D X H) 4.3x 2.6 x 3.0in. (110.0 x 65.8 x 75.2mm)<br \/>Antenas 3 internas<br \/>Consumo de potencia Sobre 6.5W<br \/>CARACTER\u00cdSTICAS INAL\u00c1MBRICAS<br \/>Frecuencia 2.4GHz y 5GHz<br \/>Tasas de transferencia 5GHz:Hasta 433Mbps<br \/>2.4GHz:Hasta 300Mpbs<br \/>PIRE &#038;lt, 20 dBm (PIRE)<br \/>Sensibilidad de Recepci\u00f3n 2.4G:<br \/>270M: -70dBm@10% PER<br \/>130M: -70dBm@10% PER<br \/>108M: -73dBm@10% PER<br \/>54M: -75dBm@10% PER<br \/>11M: -86dBm@8% PER<br \/>6M: -92dBm@10% PER<br \/>1M: -94dBm@8% PER<br \/>5G:<br \/>390M: -60dBm@10% PER<br \/>29.3M: -83dBm@10% PER<br \/>180M: -64dBm@10% PER<br \/>13.5M: -87dBm@10% PER<br \/>78M: -68dBm@10% PER<br \/>6.5M: -90dBm@10% PER<br \/>54M: -75dBm@10% PER<br \/>6M:-90dBm@10% PER<br \/>Modos Inal\u00e1mbricos Extensor de Rango<br \/>Funciones Inal\u00e1mbricas WMM (Wi-Fi Multimedia)<br \/>Estad\u00edsticas inal\u00e1mbricas<br \/>Funci\u00f3n Login por Dominio<br \/>Seguridad Inal\u00e1mbrica 64\/128\/152-bit WEP<br \/>WPA-PSK \/ WPA2-PSK<br \/>OTROS<br \/>Certificaciones CE, FCC, RoHS<br \/>Contenido del Paquete Extensor de Cobertura WiFi Universal AC750<br \/>RE200<br \/>Cable Ethernet RJ-45<br \/>CD de utilidades<br \/>Gu\u00eda R\u00e1pida de Instalaci\u00f3n<br \/>Requisitos del sistema Microsoft Windows 98SE, NT, 2000, XP, Vista<br \/>o Windows 7, 8, Mac OS, NetWare, UNIX o Linux.<br \/>Factores ambientales Temperatura de Funcionamiento: 0C~40C<br \/>(32F~104F)<br \/>Temperatura de Almacenamiento: -40C~70C (-40F~158F)<br \/>Humedad de Funcionamiento: 10%~90% sin condensaci\u00f3n<br \/>Humedad de Almacenamiento: 5%~90% sin condensaci\u00f3n<\/p>\n","protected":false},"excerpt":{"rendered":"<p>Extensor de cobertura wifi dual ac750 24 ghz y 5 ghz tp &#8211; link<\/p>\n","protected":false},"featured_media":0,"comment_status":"open","ping_status":"open","template":"","meta":{"_et_pb_use_builder":"","_et_pb_old_content":"","_et_gb_content_width":""},"product_brand":[3946],"product_cat":[2058,3262,3261,3970],"product_tag":[3265,3264,3948],"class_list":{"0":"post-239603","1":"product","2":"type-product","3":"status-publish","5":"product_brand-tp-link","6":"product_cat-dispositivos","7":"product_cat-extensores-de-red","8":"product_cat-redes","9":"product_cat-tp-link-extensores-de-red","10":"product_tag-extensores-de-red","11":"product_tag-redes","12":"product_tag-tp-link","13":"product_shipping_class-2059","14":"pa_canon-digital-impuesto-incluido-de-0-e","15":"pa_categoria-redes","16":"pa_marca-tp-link","17":"pa_peso-4335","18":"pa_referencia-re200","20":"first","21":"instock","22":"sale","23":"taxable","24":"shipping-taxable","25":"purchasable","26":"product-type-simple"},"_links":{"self":[{"href":"https:\/\/linkxa.es\/linkshop\/wp-json\/wp\/v2\/product\/239603","targetHints":{"allow":["GET"]}}],"collection":[{"href":"https:\/\/linkxa.es\/linkshop\/wp-json\/wp\/v2\/product"}],"about":[{"href":"https:\/\/linkxa.es\/linkshop\/wp-json\/wp\/v2\/types\/product"}],"replies":[{"embeddable":true,"href":"https:\/\/linkxa.es\/linkshop\/wp-json\/wp\/v2\/comments?post=239603"}],"wp:attachment":[{"href":"https:\/\/linkxa.es\/linkshop\/wp-json\/wp\/v2\/media?parent=239603"}],"wp:term":[{"taxonomy":"product_brand","embeddable":true,"href":"https:\/\/linkxa.es\/linkshop\/wp-json\/wp\/v2\/product_brand?post=239603"},{"taxonomy":"product_cat","embeddable":true,"href":"https:\/\/linkxa.es\/linkshop\/wp-json\/wp\/v2\/product_cat?post=239603"},{"taxonomy":"product_tag","embeddable":true,"href":"https:\/\/linkxa.es\/linkshop\/wp-json\/wp\/v2\/product_tag?post=239603"}],"curies":[{"name":"wp","href":"https:\/\/api.w.org\/{rel}","templated":true}]}}