{"id":239770,"date":"2024-12-02T20:55:36","date_gmt":"2024-12-02T20:55:36","guid":{"rendered":"https:\/\/linkxa.es\/contratacion\/producto\/maquina-arcade-arcade1up-street-fighter-deluxe\/"},"modified":"2025-12-08T17:40:45","modified_gmt":"2025-12-08T17:40:45","slug":"maquina-arcade-arcade1up-street-fighter-deluxe","status":"publish","type":"product","link":"https:\/\/linkxa.es\/linkshop\/producto\/maquina-arcade-arcade1up-street-fighter-deluxe\/","title":{"rendered":"Maquina arcade arcade1up street fighter deluxe"},"content":{"rendered":"<div style=\"text-align: center; margin-bottom: 20px;\">\n<h2 style=\"font-size: 22px; font-weight: 600; margin: 0; color: #333;\">Arcade1up\u00a0|\u00a0 Consolas mini &#8211; clasicas<\/h2>\n<p><strong>Maquina arcade arcade1up street fighter deluxe arcade<\/strong><\/p>\n<\/div>\n<p style=\"max-width: 700px; margin: 0px auto 30px; font-size: 18px; line-height: 1.6; color: #555555; font-style: italic; text-align: left;\">Caracter\u00edsticas:<\/p>\n<p>\u00a1Wi-Fi habilitado con tablas de clasificaci\u00f3n en l\u00ednea y multijugador en l\u00ednea para desafiar al mundo!<br \/>Carpa iluminada<br \/>Puerta de monedas falsas para una apariencia arcade aut\u00e9ntica<br \/>Altavoces duales para un sonido arcade n\u00edtido<br \/>Monitor en color BOE de 17<br \/>M\u00e1s de 5 pies de altura<br \/>14 juegos cl\u00e1sicos<\/p>\n<p>Juegos:<\/p>\n<p>STREET FIGHTER II TURBO: HIPERLUCHA<br \/>S\u00daPER STREET FIGHTER II TURBO<br \/>STREET FIGHTER II: EDICI\u00d3N CAMPE\u00d3N<br \/>REY DE DRAGONES<br \/>STRIDER<br \/>PROGEAR<br \/>CIRCUITO DE BATALLA<br \/>S\u00daPER ROMPECABEZAS DE LUCHA<br \/>S\u00c1BADO POR LA NOCHE SLAM MASTERS<br \/>CLUB DEPORTIVO CAPCOM<br \/>LUCHA FINAL<br \/>ALA GIGA<br \/>CAPIT\u00c1N COMANDO<br \/>GUERREROS ARMADOS<\/p>\n<p>Reviva los d\u00edas de gloria del arcade con Arcade1Up Street FighterII: CE HS-5 Deluxe Arcade Machine. Este gabinete est\u00e1 inspirado en la forma ic\u00f3nica del Dynamo HS-5 y cuenta con caracter\u00edsticas<br \/>modernas como Wi-Fi multijugador y capacidades de clasificaci\u00f3n. Elige entre 14 juegos exitosos de Capcom y desaf\u00eda a tus amigos en l\u00ednea para disfrutar de horas de entretenimiento.<\/p>\n<p>La m\u00e1quina arcade Arcade1Up Street FighterII: CE HS-5 Deluxe est\u00e1 dise\u00f1ada para recrear la aut\u00e9ntica experiencia arcade con parlantes duales n\u00edtidos, un vibrante monitor BOE de 17 pulgadas y una<br \/>puerta para monedas moldeada de imitaci\u00f3n. La carpa iluminada contribuye a la est\u00e9tica vintage, convirti\u00e9ndola en una pieza central perfecta para cualquier sala de entretenimiento en el hogar.<\/p>\n<p>Con su atenci\u00f3n al detalle y su dise\u00f1o distintivo, Arcade1Up Street Fighter II: CE HS-5 Deluxe Arcade Machine es una verdadera pieza de colecci\u00f3n que captura la esencia de la cultura arcade que fue<br \/>revivida en los a\u00f1os 90 por Street Fighter II. No pierda la oportunidad de poseer una parte de la historia de los videojuegos que ser\u00e1 apreciada en los a\u00f1os venideros.<\/p>\n<p>Especificaciones:<\/p>\n<p>Dimensiones ensambladas: 18,82&#8243; x 24,3&#8243; x 61&#8243;<br \/>Dimensiones de la caja: 38,5&#8243; x 9&#8243; x 24,25&#8243;<br \/>Peso: 68 libras<br \/>Volumen ajustable<br \/>Correa antivuelco<br \/>Tapas de tapones del panel lateral para orificios para tornillos<br \/>Se requiere ensamblaje<\/p>\n<p>Legal:<\/p>\n<p>Street Fighter II Turbo: Hyper Fighting \u00a9Capcom U.S.A. Inc. 1994, 2018 Todos los derechos reservados.<br \/>Super Street Fighter II Turbo \u00a9Capcom U.S.A. Inc. 1994, 2018 Todos los derechos reservados.<br \/>Street Fighter II Championship Edition \u00a9Capcom U.S.A. Inc. 1992, 2018 Todos los derechos reservados.<br \/>Rey de Dragones \u00a9Capcom Co., Ltd. 1991 Todos los derechos reservados.<br \/>Street Fighter\u00a9capcom Co., Ltd. 1989, 2018 Todos los derechos reservados<br \/>Progear \u00a9CAPCOM CO., Ltd. 2001 Todos los derechos reservados.<br \/>Circuito de batalla \u00a9CAPCOM CO., Ltd. 1997 Todos los derechos reservados.<br \/>Super Puzzle Fighter II Turbo \u00a9CAPCOM CO., Ltd. 1996, \u00a9Capcom U.S.A., Inc. 1996 Todos los derechos reservados.<br \/>Saturday Night Slam Masters \u00a9CAPCOM CO., Ltd. 1993 Todos los derechos reservados.<br \/>Capcom Sports Club \u00a9CAPCOM CO., Ltd. 1997 Todos los derechos reservados.<br \/>Giga Wing \u00a9CAPCOM CO., Ltd. 1999 Todos los derechos reservados.<br \/>Guerreros blindados \u00a9CAPCOM CO., Ltd. 1994 Todos los derechos reservados.<br \/>Captain Commando\u00a9capcom CO., Ltd. 1991 Todos los derechos reservados.<br \/>Final Fight \u00a9Capcom U.S.A., Inc 1989, 2018 Todos los derechos reservados.<\/p>\n","protected":false},"excerpt":{"rendered":"<p>Maquina arcade arcade1up street fighter deluxe arcade<\/p>\n","protected":false},"featured_media":239771,"comment_status":"open","ping_status":"open","template":"","meta":{"_et_pb_use_builder":"","_et_pb_old_content":"","_et_gb_content_width":""},"product_brand":[4427],"product_cat":[4429,4428,4343,2058],"product_tag":[4430,4431,4346],"class_list":{"0":"post-239770","1":"product","2":"type-product","3":"status-publish","4":"has-post-thumbnail","6":"product_brand-arcade1up","7":"product_cat-arcade1up","8":"product_cat-consolas-mini-clasicas","9":"product_cat-consolas-y-videojuegos","10":"product_cat-dispositivos","11":"product_tag-arcade1up","12":"product_tag-consolas-mini-clasicas","13":"product_tag-consolas-y-videojuegos","14":"product_shipping_class-2059","15":"pa_canon-digital-impuesto-incluido-de-0-e","16":"pa_categoria-consolas-y-videojuegos","17":"pa_marca-arcade1up","18":"pa_peso-4209","19":"pa_referencia-dsp0000018627","21":"first","22":"instock","23":"sale","24":"taxable","25":"shipping-taxable","26":"purchasable","27":"product-type-simple"},"_links":{"self":[{"href":"https:\/\/linkxa.es\/linkshop\/wp-json\/wp\/v2\/product\/239770","targetHints":{"allow":["GET"]}}],"collection":[{"href":"https:\/\/linkxa.es\/linkshop\/wp-json\/wp\/v2\/product"}],"about":[{"href":"https:\/\/linkxa.es\/linkshop\/wp-json\/wp\/v2\/types\/product"}],"replies":[{"embeddable":true,"href":"https:\/\/linkxa.es\/linkshop\/wp-json\/wp\/v2\/comments?post=239770"}],"wp:featuredmedia":[{"embeddable":true,"href":"https:\/\/linkxa.es\/linkshop\/wp-json\/wp\/v2\/media\/239771"}],"wp:attachment":[{"href":"https:\/\/linkxa.es\/linkshop\/wp-json\/wp\/v2\/media?parent=239770"}],"wp:term":[{"taxonomy":"product_brand","embeddable":true,"href":"https:\/\/linkxa.es\/linkshop\/wp-json\/wp\/v2\/product_brand?post=239770"},{"taxonomy":"product_cat","embeddable":true,"href":"https:\/\/linkxa.es\/linkshop\/wp-json\/wp\/v2\/product_cat?post=239770"},{"taxonomy":"product_tag","embeddable":true,"href":"https:\/\/linkxa.es\/linkshop\/wp-json\/wp\/v2\/product_tag?post=239770"}],"curies":[{"name":"wp","href":"https:\/\/api.w.org\/{rel}","templated":true}]}}