{"id":240737,"date":"2025-07-18T20:29:24","date_gmt":"2025-07-18T20:29:24","guid":{"rendered":"https:\/\/linkxa.es\/contratacion\/producto\/movil-cubot-kingkong-x-5g-16-3\/"},"modified":"2026-03-31T20:47:42","modified_gmt":"2026-03-31T20:47:42","slug":"movil-cubot-kingkong-x-5g-16-3","status":"publish","type":"product","link":"https:\/\/linkxa.es\/linkshop\/producto\/movil-cubot-kingkong-x-5g-16-3\/","title":{"rendered":"Movil cubot kingkong x 5g 16"},"content":{"rendered":"<div style=\"text-align: center; margin-bottom: 20px;\">\n<h2 style=\"font-size: 22px; font-weight: 600; margin: 0; color: #333;\">Cubot\u00a0|\u00a0 Smartphones<\/h2>\n<p><strong>Movil cubot kingkong x 5g 16 &#8211; 256gb<\/strong><\/p>\n<\/div>\n<p style=\"max-width: 700px; margin: 0px auto 30px; font-size: 18px; line-height: 1.6; color: #555555; font-style: italic; text-align: left;\">El Cubot KingKong X es un smartphone robusto que incluye soporte para redes 5G. Con MediaTek Dimensity 7050, un procesador potente con arquitectura de 64 bits, compuesto por ocho n\u00facleos (2 x Cortex-A78 a 2,6 GHz y 6 x Cortex-A55 a 2,0 GHz), que garantiza un rendimiento fluido en tareas exigentes y juegos.<\/p>\n<p>El Cubot KingKong X ha sido dise\u00f1ado con una pantalla de 6.58 pulgadas, le cual le ofrece un disfrute visual con una resoluci\u00f3n de pantalla FHD+. Disponible en versiones de 12GB o 16GB de RAM, con la posibilidad de expansi\u00f3n virtual (+12\/16GB). Opciones de 256GB o 512GB de ROM, con soporte para expansi\u00f3n mediante tarjeta microSD de hasta 1TB. Wi-Fi 6, Bluetooth 5.1, NFC y GPS: Conectividad avanzada y opciones de navegaci\u00f3n.<\/p>\n<p>Caracter\u00edsticas:<\/p>\n<p>El procesador MediaTek Dimensity 7050 Octa Core con 12\/16GB de RAM y 256\/512GB de ROM, proporciona una experiencia de multitarea fluida y sin retraso.<br \/>Equipado con una c\u00e1mara de 100MP en la parte posterior que funciona en conjunto para mejorar sus fotos, adem\u00e1s de una gran c\u00e1mara Selfie de 32MP.<br \/>Este modelo incorpora una bater\u00eda de 10200mAh, puede disfrutar de una larga vida sin tener que preocuparse por quedarse sin bater\u00eda.<br \/>Android 14, el Cubot KingKong X le ofrece una experiencia de operaci\u00f3n m\u00e1s simple, m\u00e1s inteligente y m\u00e1s r\u00e1pida.<br \/>Tipo de conector: USB Tipo C<\/p>\n<p>Especificaciones CUBOT KingKong X:<\/p>\n<p>Modelo<br \/>Cubot KingKong X<br \/>Procesador<br \/>MediaTek Dimensity 7050<br \/>Octa-Core, 64-bit<br \/>2 x Cortex-A78 a 2,6 GHz + 6 x Cortex-A55 a 2,0 GHz<br \/>Almacenamiento<br \/>Memoria RAM:\u00a0\u00a0\u00a0\u00a0 12\/16GB (+12\/16GB Extendida) (Seg\u00fan versi\u00f3n escogida)<br \/>Memoria ROM: 256\/512GB (Seg\u00fan versi\u00f3n escogida)<br \/>Sistema Operativo<br \/>Android 14<br \/>Capacidad de Bater\u00eda<br \/>10.200 mAh<br \/>Bater\u00eda Extraible: No<br \/>Lector SIM<br \/>Dual: 2 x Nano SIM \/ 1 x Nano SIM + 1 x Micro SD<br \/>Lector SD<br \/>Si: microSD, microSDHC, microSDXC (acepta hasta 1TB)<br \/>Pantalla<br \/>Tama\u00f1o de Pantalla: 6.58 Pulgadas<br \/>Alta velocidad de refresco de pantalla de 120 Hz<br \/>Resoluci\u00f3n de Pantalla: FHD+ IPS 1080 x 2408<br \/>Relaci\u00f3n de Aspecto: 20:9 | 401 PPI (Muy Alta Densidad)<br \/>Pantalla dual trasera rectangular para visualizar reloj o notificaciones.<br \/>C\u00e1maras<br \/>Triple c\u00e1mara trasera<br \/>Principal: 100.0 MPx<br \/>C\u00e1mara Macro: 5.0 Mpx<br \/>C\u00e1mara Frontal (Selfie): 32.0 MPx<br \/>Redes<br \/>2G: GSM 850\/900\/1800\/1900MHz<br \/>3G: WCDMA _ 1\/2\/4\/5\/6\/8\/19<br \/>4G LTE: FDD_1\/2\/3\/4\/5\/7\/8\/12\/17\/18\/19\/20\/25\/26\/28A+B\/66<br \/>4G LTE: TDD_34\/38\/39\/40\/41<br \/>5G: N1\/3\/5\/7\/8\/28\/38\/41\/77\/78<br \/>Conectividad<br \/>Wi-Fi: Wi-Fi 6(2.4G+5G) 802.11a\/b\/g\/n\/ac\/ax (Soporta ax MIMO)<br \/>Bluetooth: 5.1<br \/>NFC: S\u00ed (Compatible con Google Pay)<br \/>OTG: S\u00ed<br \/>Se\u00f1al GPS: GPS + GLONASS + Galileo + BEIDOU + A-GPS<br \/>Conector USB: Tipo C<br \/>Otros: Sensor Proximidad, Aceler\u00f3metro, Magnetoscopio, Giroscopio, Sensor de luz ambiental.<br \/>Protecci\u00f3n Antigolpes y Salpicaduras: IP68\/IP69K, MIL-STD-810H (M\u00e1xima Protecci\u00f3n)<br \/>Potente Linterna LED ideal para actividades al aire libre como acampada, escalada, etc.<br \/>Conector USB: Tipo C<br \/>Admite carga r\u00e1pida de 33W<br \/>Peso y dimensiones<br \/>Alto: 170.9 mm<br \/>Ancho: 82.2mm<br \/>Profundo: 18.7mm<br \/>Peso: 388g<br \/>Contenido del Paquete<br \/>Smartphone Cubot KingKong X<br \/>Cable de carga\/datos USB-C<br \/>Adaptador de corriente Europeo de Carga R\u00e1pida (PD 33W)<br \/>Extractor SIM<br \/>Protector de pantalla incluido (Cristal Templado)<br \/>Gu\u00eda de configuraci\u00f3n r\u00e1pida<\/p>\n","protected":false},"excerpt":{"rendered":"<p>Movil cubot kingkong x 5g 16 &#8211; 256gb<\/p>\n","protected":false},"featured_media":230371,"comment_status":"open","ping_status":"open","template":"","meta":{"_et_pb_use_builder":"","_et_pb_old_content":"","_et_gb_content_width":""},"product_brand":[2181],"product_cat":[4511,2058,2063,2062],"product_tag":[2182,2067,2066],"class_list":{"0":"post-240737","1":"product","2":"type-product","3":"status-publish","4":"has-post-thumbnail","6":"product_brand-cubot","7":"product_cat-cubot","8":"product_cat-dispositivos","9":"product_cat-smartphones","10":"product_cat-telefonia","11":"product_tag-cubot","12":"product_tag-smartphones","13":"product_tag-telefonia","14":"product_shipping_class-2088","15":"pa_canon-digital-impuesto-incluido-de-325-e","16":"pa_categoria-telefonia","17":"pa_marca-cubot","18":"pa_peso-4527","19":"pa_referencia-mgs0000023358","21":"first","22":"instock","23":"sale","24":"taxable","25":"shipping-taxable","26":"purchasable","27":"product-type-simple"},"_links":{"self":[{"href":"https:\/\/linkxa.es\/linkshop\/wp-json\/wp\/v2\/product\/240737","targetHints":{"allow":["GET"]}}],"collection":[{"href":"https:\/\/linkxa.es\/linkshop\/wp-json\/wp\/v2\/product"}],"about":[{"href":"https:\/\/linkxa.es\/linkshop\/wp-json\/wp\/v2\/types\/product"}],"replies":[{"embeddable":true,"href":"https:\/\/linkxa.es\/linkshop\/wp-json\/wp\/v2\/comments?post=240737"}],"wp:featuredmedia":[{"embeddable":true,"href":"https:\/\/linkxa.es\/linkshop\/wp-json\/wp\/v2\/media\/230371"}],"wp:attachment":[{"href":"https:\/\/linkxa.es\/linkshop\/wp-json\/wp\/v2\/media?parent=240737"}],"wp:term":[{"taxonomy":"product_brand","embeddable":true,"href":"https:\/\/linkxa.es\/linkshop\/wp-json\/wp\/v2\/product_brand?post=240737"},{"taxonomy":"product_cat","embeddable":true,"href":"https:\/\/linkxa.es\/linkshop\/wp-json\/wp\/v2\/product_cat?post=240737"},{"taxonomy":"product_tag","embeddable":true,"href":"https:\/\/linkxa.es\/linkshop\/wp-json\/wp\/v2\/product_tag?post=240737"}],"curies":[{"name":"wp","href":"https:\/\/api.w.org\/{rel}","templated":true}]}}