{"id":240814,"date":"2025-10-04T06:31:49","date_gmt":"2025-10-04T06:31:49","guid":{"rendered":"https:\/\/linkxa.es\/contratacion\/producto\/movil-smartphone-xiaomi-redmi-15c-4\/"},"modified":"2026-03-31T20:51:58","modified_gmt":"2026-03-31T20:51:58","slug":"movil-smartphone-xiaomi-redmi-15c-4","status":"publish","type":"product","link":"https:\/\/linkxa.es\/linkshop\/producto\/movil-smartphone-xiaomi-redmi-15c-4\/","title":{"rendered":"Movil smartphone xiaomi redmi 15c 4"},"content":{"rendered":"<div style=\"text-align: center; margin-bottom: 20px;\">\n<h2 style=\"font-size: 22px; font-weight: 600; margin: 0; color: #333;\">Xiaomi\u00a0|\u00a0 Smartphones<\/h2>\n<p><strong>Movil smartphone xiaomi redmi 15c 4 &#8211; 128gb negro<\/strong><\/p>\n<\/div>\n<p style=\"max-width: 700px; margin: 0px auto 30px; font-size: 18px; line-height: 1.6; color: #555555; font-style: italic; text-align: left;\">Caracter\u00edsticas del Smartphone Xiaomi Redmi 15C<\/p>\n<p>El Redmi 15C combina dise\u00f1o, potencia y autonom\u00eda para ofrecer una experiencia equilibrada y eficiente en el d\u00eda a d\u00eda. Con una gran pantalla, un sistema de c\u00e1maras vers\u00e1til y una bater\u00eda de larga duraci\u00f3n, es ideal para quienes buscan rendimiento sin renunciar al estilo.<\/p>\n<p>Pantalla inmersiva de 6,9&#8243;<br \/>Disfruta de una experiencia visual envolvente con su pantalla Dot Drop de 6,9 pulgadas y resoluci\u00f3n HD+. Gracias a su tasa de refresco de hasta 120 Hz y brillo m\u00e1ximo de 810 nits, podr\u00e1s visualizar todo tu contenido con nitidez, fluidez y buena visibilidad incluso en exteriores.<\/p>\n<p>Rendimiento fluido y ampliable<br \/>Equipado con un procesador MediaTek Helio G81-Ultra de ocho n\u00facleos y fabricado en proceso de 12 nm, el Redmi 15C ofrece un rendimiento eficiente para tareas cotidianas. Sus versiones de hasta 8 GB de RAM (ampliables hasta 16 GB con RAM virtual) y hasta 256 GB de almacenamiento aseguran fluidez y espacio m\u00e1s que suficiente para tus apps y archivos.<\/p>\n<p>C\u00e1mara dual con IA de 50 MP<br \/>Captura momentos con gran nivel de detalle gracias a su c\u00e1mara principal de 50 MP con lente 5P y apertura f\/1.8. Incluye lente auxiliar para mejorar las tomas y una c\u00e1mara frontal de 8 MP perfecta para videollamadas y selfies n\u00edtidas.<\/p>\n<p>Autonom\u00eda prolongada y carga r\u00e1pida<br \/>Con su bater\u00eda de 6000 mAh, tendr\u00e1s energ\u00eda durante todo el d\u00eda y m\u00e1s. Adem\u00e1s, la carga r\u00e1pida de 33 W mediante USB Tipo-C te permitir\u00e1 recuperar bater\u00eda de forma eficiente para seguir conectado sin interrupciones.<\/p>\n<p>Caracteristicas t\u00e9cnicas<\/p>\n<p>Tipo de dispositivo<\/p>\n<p>M\u00f3vil<\/p>\n<p>Sistema Operativo<\/p>\n<p>Android<\/p>\n<p>Procesador<\/p>\n<p>MediaTek Helio G81-Ultra<\/p>\n<p>Velocidad Procesador<\/p>\n<p>2x 2.0 GHz<\/p>\n<p>Capacidad memoria<\/p>\n<p>128 GB<\/p>\n<p>Admite SD<\/p>\n<p>No<\/p>\n<p>Tama\u00f1o de la memoria RAM<\/p>\n<p>4 GB<\/p>\n<p>Tama\u00f1o de la tarjeta SIM<\/p>\n<p>Nano SIM<\/p>\n<p>Funciones IA<\/p>\n<p>Mejoras en la c\u00e1mara con IA, HDR (alto rango din\u00e1mico) mejorado por IA, Optimizaci\u00f3n del rendimiento<\/p>\n<p>Inteligencia Artificial<\/p>\n<p>IA Ready<\/p>\n<p>Pantalla<\/p>\n<p>Tama\u00f1o pantalla (cm)<\/p>\n<p>17.526 cm<\/p>\n<p>Tama\u00f1o pantalla (pulgadas)<\/p>\n<p>6.9 \u00ab<\/p>\n<p>Tama\u00f1o Pantalla (cm\/pulg.)<\/p>\n<p>17.526 cm \/ 6.9 \u00ab<\/p>\n<p>Resoluci\u00f3n (AlxAn)<\/p>\n<p>1600 x 720 pixels<\/p>\n<p>Pantalla<\/p>\n<p>HD+<\/p>\n<p>Resoluci\u00f3n Horizontal<\/p>\n<p>720 pixels<\/p>\n<p>Resoluci\u00f3n Vertical<\/p>\n<p>1600 pixels<\/p>\n<p>C\u00e1mara<\/p>\n<p>C\u00e1mara trasera<\/p>\n<p>Doble c\u00e1mara<\/p>\n<p>Resoluci\u00f3n c\u00e1mara trasera<\/p>\n<p>50 megapixel<\/p>\n<p>Caracter\u00edsticas c\u00e1mara trasera<\/p>\n<p>50MP main camera | 5P lens, ?\/1.8<\/p>\n<p>C\u00e1mara frontal<\/p>\n<p>C\u00e1mara \u00fanica<\/p>\n<p>Resoluci\u00f3n c\u00e1mara frontal<\/p>\n<p>8 megapixel<\/p>\n<p>Caracter\u00edsticas c\u00e1mara frontal<\/p>\n<p>8MP | ?\/2.0<\/p>\n<p>Flash integrado<\/p>\n<p>S\u00ed<\/p>\n<p>Reconocimiento facial<\/p>\n<p>S\u00ed<\/p>\n","protected":false},"excerpt":{"rendered":"<p>Movil smartphone xiaomi redmi 15c 4 &#8211; 128gb negro<\/p>\n","protected":false},"featured_media":240815,"comment_status":"open","ping_status":"open","template":"","meta":{"_et_pb_use_builder":"","_et_pb_old_content":"","_et_gb_content_width":""},"product_brand":[2092],"product_cat":[2058,2063,2062,4496],"product_tag":[2067,2066,2093],"class_list":{"0":"post-240814","1":"product","2":"type-product","3":"status-publish","4":"has-post-thumbnail","6":"product_brand-xiaomi","7":"product_cat-dispositivos","8":"product_cat-smartphones","9":"product_cat-telefonia","10":"product_cat-xiaomi-smartphones","11":"product_tag-smartphones","12":"product_tag-telefonia","13":"product_tag-xiaomi","14":"product_shipping_class-2088","15":"pa_canon-digital-impuesto-incluido-de-325-e","16":"pa_categoria-telefonia","17":"pa_marca-xiaomi","18":"pa_peso-4554","19":"pa_referencia-mgs0000029267","21":"first","22":"instock","23":"sale","24":"taxable","25":"shipping-taxable","26":"purchasable","27":"product-type-simple"},"_links":{"self":[{"href":"https:\/\/linkxa.es\/linkshop\/wp-json\/wp\/v2\/product\/240814","targetHints":{"allow":["GET"]}}],"collection":[{"href":"https:\/\/linkxa.es\/linkshop\/wp-json\/wp\/v2\/product"}],"about":[{"href":"https:\/\/linkxa.es\/linkshop\/wp-json\/wp\/v2\/types\/product"}],"replies":[{"embeddable":true,"href":"https:\/\/linkxa.es\/linkshop\/wp-json\/wp\/v2\/comments?post=240814"}],"wp:featuredmedia":[{"embeddable":true,"href":"https:\/\/linkxa.es\/linkshop\/wp-json\/wp\/v2\/media\/240815"}],"wp:attachment":[{"href":"https:\/\/linkxa.es\/linkshop\/wp-json\/wp\/v2\/media?parent=240814"}],"wp:term":[{"taxonomy":"product_brand","embeddable":true,"href":"https:\/\/linkxa.es\/linkshop\/wp-json\/wp\/v2\/product_brand?post=240814"},{"taxonomy":"product_cat","embeddable":true,"href":"https:\/\/linkxa.es\/linkshop\/wp-json\/wp\/v2\/product_cat?post=240814"},{"taxonomy":"product_tag","embeddable":true,"href":"https:\/\/linkxa.es\/linkshop\/wp-json\/wp\/v2\/product_tag?post=240814"}],"curies":[{"name":"wp","href":"https:\/\/api.w.org\/{rel}","templated":true}]}}