{"id":240862,"date":"2025-09-28T13:14:21","date_gmt":"2025-09-28T13:14:21","guid":{"rendered":"https:\/\/linkxa.es\/contratacion\/producto\/telefono-movil-smartphone-xiaomi-redmi-15c\/"},"modified":"2026-03-31T20:54:53","modified_gmt":"2026-03-31T20:54:53","slug":"telefono-movil-smartphone-xiaomi-redmi-15c","status":"publish","type":"product","link":"https:\/\/linkxa.es\/linkshop\/producto\/telefono-movil-smartphone-xiaomi-redmi-15c\/","title":{"rendered":"Telefono movil smartphone xiaomi redmi 15c"},"content":{"rendered":"<div style=\"text-align: center; margin-bottom: 20px;\">\n<h2 style=\"font-size: 22px; font-weight: 600; margin: 0; color: #333;\">Xiaomi\u00a0|\u00a0 Smartphones<\/h2>\n<p><strong>Telefono movil smartphone xiaomi redmi 15c &#8211; 8gb &#8211; 256gb &#8211; 6.9 pulgadas &#8211; negro<\/strong><\/p>\n<\/div>\n<p style=\"max-width: 700px; margin: 0px auto 30px; font-size: 18px; line-height: 1.6; color: #555555; font-style: italic; text-align: left;\">Redmi 15C 8\/256GB<\/p>\n<p>Gran bater\u00eda de 6000 mAh (typ)<\/p>\n<p>Pantalla inmersiva de 6,9&#8243;<\/p>\n<p>Dise\u00f1o vibrante<br \/>Elegancia atemporal<\/p>\n<p>El Redmi 15C captura la belleza cotidiana con tonos naturales y un dise\u00f1o atemporal. Los cuidadosos detalles convierten los momentos m\u00e1s sencillos en impresiones duraderas.<\/p>\n<p>Gran bater\u00eda de 6000 mAh (typ)<br \/>M\u00e1s potencia manteniendo la elegancia<\/p>\n<p>El Redmi 15C cuenta con una gran bater\u00eda de 6000 mAh en un cuerpo elegante. Disfruta de una duraci\u00f3n de la bater\u00eda ultralarga sin sacrificar el estilo ni la comodidad, dise\u00f1ada para ofrecerte energ\u00eda todo el d\u00eda y m\u00e1s all\u00e1.<\/p>\n<p>Bater\u00eda de larga duraci\u00f3n<br \/>Rendimiento excepcional de la fuente de alimentaci\u00f3n<\/p>\n<p>Tras 1000 ciclos de carga completos, la bater\u00eda conserva al menos el 80?% de su capacidad original.<\/p>\n<p>Carga turbo de 33 W<br \/>La carga turbo de 33?W te mantiene en marcha sin preocupaciones, con un equilibrio perfecto entre velocidad de carga y autonom\u00eda.<\/p>\n<p>Motor de carga inteligente<br \/>Mejora a\u00fan m\u00e1s la eficiencia de carga, prolonga la vida \u00fatil de la bater\u00eda y ofrece una mejor experiencia de carga en m\u00faltiples situaciones.<\/p>\n<p>Carga inversa<br \/>Gracias a la compatibilidad con carga inversa, tu tel\u00e9fono se convierte en una bater\u00eda port\u00e1til lista para recargar tus dispositivos en cualquier momento y lugar.<\/p>\n<p>Pantalla inmersiva de 6,9&#8243;<br \/>AdaptiveSync de hasta 120 Hz<\/p>\n<p>Gracias a la compatibilidad con una frecuencia de actualizaci\u00f3n adaptativa de hasta 120 Hz, el Redmi 15C se adapta a diferentes situaciones para ofrecer una experiencia visual m\u00e1s fluida y con mayor capacidad de respuesta, tanto si est\u00e1s navegando como visualizando im\u00e1genes.<\/p>\n<p>Triple certificaci\u00f3n de T\u00dcV Rheinland<br \/>Una pantalla dise\u00f1ada para ofrecer comodidad visual durante todo el d\u00eda<\/p>\n<p>Con atenuaci\u00f3n DC y certificaciones de T\u00dcV Rheinland de luz azul reducida, tecnolog\u00eda sin parpadeos y ritmos circadianos, el Redmi 15C ofrece una experiencia de visualizaci\u00f3n c\u00f3moda todo el d\u00eda.<\/p>\n<p>Potente procesador de ocho n\u00facleos<br \/>Rendimiento fluido y constante<\/p>\n<p>El procesador MediaTek Helio G81-Ultra de ocho n\u00facleos combina un bajo consumo de energ\u00eda con un alto rendimiento, lo que garantiza una experiencia m\u00e1s fluida incluso durante un uso prolongado.<\/p>\n<p>50 MP<br \/>Sistema de c\u00e1mara doble con AI<\/p>\n<p>La c\u00e1mara principal de 50 MP captura detalles intrincados y colores vibrantes para conservar los momentos m\u00e1s preciados, ya sean calles bulliciosas, retratos, comidas o hermosas puestas de sol.<\/p>\n<p>Modo Ultra HD<br \/>Cada foto es una obra maestra de gran nitidez<\/p>\n<p>Modo retrato<br \/>Haz que cada expresi\u00f3n cobre vida y convierte cada retrato en una obra de arte.<\/p>\n<p>Modo belleza para selfie<br \/>Muestra la belleza de tus selfies y consigue un aspecto natural y refinado en cada foto.<\/p>\n<p>Resistencia al polvo y al agua<br \/>IP64<\/p>\n<p>El Redmi 15C cuenta con una resistencia al polvo y al agua IP64, lo que proporciona una protecci\u00f3n fiable contra el polvo y las salpicaduras de agua.<\/p>\n<p>Especificaciones<br \/>Procesador: MediaTek Helio G81-Ultra, 8 n\u00facleos, CPU Cortex-A75 + Cortex-A55, frecuencia m\u00e1xima de CPU 2,0 GHz, GPU Mali-G52 MC2<br \/>Almacenamiento y RAM: 8 GB + 256 GB, LPDDR4X + eMMC 5.1, hasta 16 GB de RAM con ampliaci\u00f3n de memoria, almacenamiento ampliable hasta 1 TB mediante tarjeta microSD<br \/>Dimensiones: 171,56 x 79,47 x 7,99 mm<br \/>Peso: 205 g<br \/>Pantalla: 6,9&#8243; Dot Drop, 1600 x 720, hasta 120 Hz, brillo 660 nits (t\u00edp.), 810 nits (HBM), 1200:1, 83% NTSC, 8 bits (16,7 millones de colores), frecuencia de muestreo t\u00e1ctil hasta 240 Hz, certificaciones T\u00dcV Rheinland (luz azul reducida, ritmos circadianos, sin parpadeos), atenuaci\u00f3n DC, modo lectura<br \/>C\u00e1mara trasera: 50 MP f\/1,8, lente de 5 elementos + lente auxiliar, modos HDR, nocturno, retrato, time-lapse, grabaci\u00f3n v\u00eddeo 1080p@30fps, 720p@30fps<br \/>C\u00e1mara frontal: 8 MP f\/2,0, modos HDR, retrato, nocturno, anillo de luz suave, time-lapse, grabaci\u00f3n v\u00eddeo 1080p@30fps, 720p@30fps<br \/>Bater\u00eda: 6000 mAh, carga r\u00e1pida 33 W, USB tipo C<br \/>Seguridad: Sensor de huella dactilar lateral, desbloqueo facial por IA<br \/>NFC: S\u00ed<br \/>Red y conectividad: Doble SIM + microSD, 2G GSM (2\/3\/5\/8), 3G WCDMA (B1\/5\/8), 4G LTE FDD (B1\/3\/5\/7\/8\/20\/28), 4G LTE TDD (B38\/40\/41), Wi-Fi 2,4\/5 GHz, Bluetooth 5.4, compatible con AAC\/SBC\/LDAC, radio FM con conector auriculares<br \/>Resistencia: Certificaci\u00f3n IP64 resistente a polvo y salpicaduras<br \/>Navegaci\u00f3n y posicionamiento: GPS, Glonass, Galileo, Beidou<br \/>Audio: Conector auriculares 3,5 mm, formatos soportados audio (aac, m4a, mp4, 3gp, ts, amr, awb, mid, midi, smf, rttf, xmf, rtx, ota, imy, mp3, ogg, oga, wav, flac, mkv opus), formatos soportados v\u00eddeo (ts, mp4, 3gp, mkv, webm, MPEG2, H.263, MPEG4, H.264, H.265, VP8, VP9, VC1)<br \/>Sensores: Sensor de proximidad virtual, sensor de luz ambiental, aceler\u00f3metro, br\u00fajula electr\u00f3nica<br \/>Sistema operativo: Xiaomi HyperOS 2<\/p>\n","protected":false},"excerpt":{"rendered":"<p>Telefono movil smartphone xiaomi redmi 15c &#8211; 8gb &#8211; 256gb &#8211; 6.9 pulgadas &#8211; negro<\/p>\n","protected":false},"featured_media":240863,"comment_status":"open","ping_status":"open","template":"","meta":{"_et_pb_use_builder":"","_et_pb_old_content":"","_et_gb_content_width":""},"product_brand":[2092],"product_cat":[2058,2063,2062,4496],"product_tag":[2067,2066,2093],"class_list":{"0":"post-240862","1":"product","2":"type-product","3":"status-publish","4":"has-post-thumbnail","6":"product_brand-xiaomi","7":"product_cat-dispositivos","8":"product_cat-smartphones","9":"product_cat-telefonia","10":"product_cat-xiaomi-smartphones","11":"product_tag-smartphones","12":"product_tag-telefonia","13":"product_tag-xiaomi","14":"product_shipping_class-2088","15":"pa_canon-digital-impuesto-incluido-de-325-e","16":"pa_categoria-telefonia","17":"pa_marca-xiaomi","18":"pa_peso-4559","19":"pa_referencia-mgs0000030219","21":"first","22":"instock","23":"sale","24":"taxable","25":"shipping-taxable","26":"purchasable","27":"product-type-simple"},"_links":{"self":[{"href":"https:\/\/linkxa.es\/linkshop\/wp-json\/wp\/v2\/product\/240862","targetHints":{"allow":["GET"]}}],"collection":[{"href":"https:\/\/linkxa.es\/linkshop\/wp-json\/wp\/v2\/product"}],"about":[{"href":"https:\/\/linkxa.es\/linkshop\/wp-json\/wp\/v2\/types\/product"}],"replies":[{"embeddable":true,"href":"https:\/\/linkxa.es\/linkshop\/wp-json\/wp\/v2\/comments?post=240862"}],"wp:featuredmedia":[{"embeddable":true,"href":"https:\/\/linkxa.es\/linkshop\/wp-json\/wp\/v2\/media\/240863"}],"wp:attachment":[{"href":"https:\/\/linkxa.es\/linkshop\/wp-json\/wp\/v2\/media?parent=240862"}],"wp:term":[{"taxonomy":"product_brand","embeddable":true,"href":"https:\/\/linkxa.es\/linkshop\/wp-json\/wp\/v2\/product_brand?post=240862"},{"taxonomy":"product_cat","embeddable":true,"href":"https:\/\/linkxa.es\/linkshop\/wp-json\/wp\/v2\/product_cat?post=240862"},{"taxonomy":"product_tag","embeddable":true,"href":"https:\/\/linkxa.es\/linkshop\/wp-json\/wp\/v2\/product_tag?post=240862"}],"curies":[{"name":"wp","href":"https:\/\/api.w.org\/{rel}","templated":true}]}}