{"id":241071,"date":"2026-02-01T15:57:18","date_gmt":"2026-02-01T15:57:18","guid":{"rendered":"https:\/\/linkxa.es\/contratacion\/producto\/edge-50-16-9-cm-6-67-pulgadas-3\/"},"modified":"2026-03-31T21:11:01","modified_gmt":"2026-03-31T21:11:01","slug":"edge-50-16-9-cm-6-67-pulgadas-3","status":"publish","type":"product","link":"https:\/\/linkxa.es\/linkshop\/producto\/edge-50-16-9-cm-6-67-pulgadas-3\/","title":{"rendered":"Edge 50 16 9 cm (6.67 pulgadas)"},"content":{"rendered":"<div style=\"text-align: center; margin-bottom: 20px;\">\n<h2 style=\"font-size: 22px; font-weight: 600; margin: 0; color: #333;\">Motorola\u00a0|\u00a0 Smartphones<\/h2>\n<p><strong>Edge 50 16 -9 cm (6.67 pulgadas) sim doble android 14 5g usb tipo c 12 gb 512 gb 5000 mah gris<\/strong><\/p>\n<\/div>\n<p style=\"max-width: 700px; margin: 0px auto 30px; font-size: 18px; line-height: 1.6; color: #555555; font-style: italic; text-align: left;\">Hello smartphoneCreatividad sin esfuerzo. Dise\u00f1o sofisticado.Presentamos el motorola edge 50, dise\u00f1ado para la expresi\u00f3n creativa sin esfuerzo. Este smartphone es un reflejo de la vida y el arte en su m\u00e1xima expresi\u00f3n. Con los acabados de calidad pr\u00e9mium, la comodidad de sus bordes curvos y la oferta de experiencias intuitivas, roza la perfecci\u00f3n. Dise\u00f1ado para adaptarse a tu d\u00eda a d\u00eda. Con la tecnolog\u00eda de Moto AI, podr\u00e1s capturar la vida en movimiento y hacer fotos de nivel superior. Podr\u00e1s cargar r\u00e1pidamente la bater\u00eda y seguir creando contenido gracias a la carga TurboPower?de 68 W2. Disfrutar\u00e1s de experiencias Moto exclusivas en un smartphone m\u00e1s intuitivo, personal, seguro y divertido. Cada detalle cuenta, empezando por la pantalla pOLED Super HD (1220p) de 6,67&#8243;\u00bb que cumple los est\u00e1ndares cinematogr\u00e1ficos en cuanto a gama de colores, Este es el motorola edge 50. M\u00e1s que un smartphone, es una obra de arte.<\/p>\n","protected":false},"excerpt":{"rendered":"<p>Edge 50 16 -9 cm (6.67 pulgadas) sim doble android 14 5g usb tipo c 12 gb 512 gb 5000 mah gris<\/p>\n","protected":false},"featured_media":230049,"comment_status":"open","ping_status":"open","template":"","meta":{"_et_pb_use_builder":"","_et_pb_old_content":"","_et_gb_content_width":""},"product_brand":[2081],"product_cat":[2058,4616,2063,2062],"product_tag":[2082,2067,2066],"class_list":{"0":"post-241071","1":"product","2":"type-product","3":"status-publish","4":"has-post-thumbnail","6":"product_brand-motorola","7":"product_cat-dispositivos","8":"product_cat-motorola","9":"product_cat-smartphones","10":"product_cat-telefonia","11":"product_tag-motorola","12":"product_tag-smartphones","13":"product_tag-telefonia","14":"product_shipping_class-2059","15":"pa_canon-digital-impuesto-incluido-de-325-e","16":"pa_categoria-telefonia","17":"pa_marca-motorola","18":"pa_peso-4632","19":"pa_referencia-dsp0000027358","21":"first","22":"instock","23":"sale","24":"taxable","25":"shipping-taxable","26":"purchasable","27":"product-type-simple"},"_links":{"self":[{"href":"https:\/\/linkxa.es\/linkshop\/wp-json\/wp\/v2\/product\/241071","targetHints":{"allow":["GET"]}}],"collection":[{"href":"https:\/\/linkxa.es\/linkshop\/wp-json\/wp\/v2\/product"}],"about":[{"href":"https:\/\/linkxa.es\/linkshop\/wp-json\/wp\/v2\/types\/product"}],"replies":[{"embeddable":true,"href":"https:\/\/linkxa.es\/linkshop\/wp-json\/wp\/v2\/comments?post=241071"}],"wp:featuredmedia":[{"embeddable":true,"href":"https:\/\/linkxa.es\/linkshop\/wp-json\/wp\/v2\/media\/230049"}],"wp:attachment":[{"href":"https:\/\/linkxa.es\/linkshop\/wp-json\/wp\/v2\/media?parent=241071"}],"wp:term":[{"taxonomy":"product_brand","embeddable":true,"href":"https:\/\/linkxa.es\/linkshop\/wp-json\/wp\/v2\/product_brand?post=241071"},{"taxonomy":"product_cat","embeddable":true,"href":"https:\/\/linkxa.es\/linkshop\/wp-json\/wp\/v2\/product_cat?post=241071"},{"taxonomy":"product_tag","embeddable":true,"href":"https:\/\/linkxa.es\/linkshop\/wp-json\/wp\/v2\/product_tag?post=241071"}],"curies":[{"name":"wp","href":"https:\/\/api.w.org\/{rel}","templated":true}]}}